{"id":815,"date":"2016-06-19T14:07:27","date_gmt":"2016-06-19T13:07:27","guid":{"rendered":"http:\/\/annerouch.fr\/?page_id=815"},"modified":"2024-04-24T17:06:24","modified_gmt":"2024-04-24T16:06:24","slug":"mes-partages","status":"publish","type":"page","link":"http:\/\/annerouch.fr\/index.php\/mes-partages\/","title":{"rendered":"Les Accords Tolt\u00e8ques"},"content":{"rendered":"<h2 style=\"text-align: center;\"><span style=\"color: #9e16c4;\"><strong>Les pens\u00e9es qui ressurgissent en paroles que nous projetons,\r\nsont des fl\u00e8ches ou de l'amour. Elles sont re\u00e7ues comme telles, notre intention fait la diff\u00e9rence !<\/strong><\/span><\/h2>\r\n<h1><span style=\"color: #800080;\"><strong>Le 1er accord Tolt\u00e8que :<\/strong><\/span><\/h1>\r\n<h2><span style=\"color: #800080;\"><strong><span style=\"color: #ff00ff;\"><span style=\"color: #ff6600;\">*** L'\u00e9p\u00e9e du chevalier ***<\/span> <\/span><\/strong><\/span><\/h2>\r\n<h1><span style=\"color: #3366ff;\"><strong>\"Que votre parole soit impeccable\"\r\n<\/strong><\/span><i><span style=\"color: #ff00ff;\"><strong>\"Parlez avec int\u00e9grit\u00e9, ne dites que ce que vous pensez. N\u2019utilisez pas la parole contre vous ni pour m\u00e9dire d\u2019autrui.\"<\/strong><\/span>\u00a0<\/i><\/h1>\r\n<h2><span style=\"color: #333399;\"><strong>Si vous pouviez voir\u00a0ce qu'\u00e9mettent chacune de nos pens\u00e9es, la moindre, la plus petite, dans l'univers des ondes ! Une pens\u00e9e est une onde partie de votre cerveau et que vous projetez autour de vous.\r\nElle impacte d'abord vous, puis vos proches, puis continue son chemin comme le font des ondes !\r\n<\/strong><strong>Elle rencontre sur son chemin d'autres ondes, et c'est cela qui cr\u00e9e le monde et tout ce qui peut l'impacter !<\/strong><\/span><\/h2>\r\n<h2><span style=\"color: #800080;\"><strong>Les \u00e9missions de vos pens\u00e9es \u00e9manent tout autour de vous, sans limite de distance,\u00a0et s'expansent tout autour de vous ! Aussi, les pens\u00e9es d'amour sont re\u00e7ues, tout autant que les pens\u00e9es de haines.<\/strong><\/span>\r\n<span style=\"color: #800080;\"><strong>Sachant que les pens\u00e9es de haine resteront autour de vous pour cr\u00e9er<\/strong> <strong><em>\" Votre r\u00e9alit\u00e9\",<\/em><\/strong> choisissez\u00a0<strong>maintenant, changez les \u00e9missions de vos pens\u00e9es !\r\n<\/strong><\/span><span style=\"color: #333399;\"><strong>Comprenez que si vous voulez un monde autre que celui que vous voyez autour de vous, pensez, cr\u00e9ez, conscientisez, projetez exactement ce que vous voulez voir autour de vous, commencez.... maintenant, seule votre \"intention\" compte, elle active votre<\/strong><span class=\"text_exposed_show\"><strong> volont\u00e9 !<\/strong><\/span><\/span><span style=\"color: #3366ff;\"><span class=\"text_exposed_show\"><span style=\"color: #333399;\"><strong>\r\nCela va tr\u00e8s vite actuellement, vous commencerez \u00e0 changer votre vie....<\/strong><\/span>\r\n<span style=\"color: #9e16c4;\"><strong>Quelle couleur de projection de pens\u00e9e choisissez vous pour votre vie actuelle ?<\/strong><\/span><\/span><\/span><\/h2>\r\n&nbsp;\r\n<h1><span style=\"color: #800080;\"><strong>Le 2\u00e8me accord Tolt\u00e8que :<\/strong><\/span><\/h1>\r\n<h2><span style=\"color: #800080;\"><strong><span style=\"color: #ff00ff;\"><span style=\"color: #ff6600;\">*** Le bouclier du chevalier ***<\/span><\/span><\/strong><\/span><\/h2>\r\n<h1><span style=\"color: #800080;\"><strong><span style=\"color: #ff00ff;\"><span style=\"color: #3366ff;\">\"Quoi qu'il arrive, n'en faites pas une affaire personnelle\"<\/span>\r\n<\/span><\/strong><\/span><i><span style=\"color: #ff00ff;\"><strong>\"Ce que les autres font et disent n'est qu'une projection de leur propre r\u00e9alit\u00e9, de leur r\u00eave. Lorsque vous \u00eates immunis\u00e9 contre cela, vous n'\u00eates plus victime de souffrances inutiles !\"<\/strong><\/span>\u00a0<\/i><\/h1>\r\n<h2><strong><span style=\"color: #333399;\">Cela touche \u00e9galement ce que l'on peut vous dire de positif, juste comprendre pourquoi la personne vous fait ce compliment, quel est le but, quel est la raison ?\r\nVoir aussi la <span style=\"color: #9e16c4;\">C N V - <a style=\"color: #9e16c4;\" href=\"https:\/\/fr.wikipedia.org\/wiki\/Communication_non-violente\" target=\"_blank\" rel=\"noopener\">Communication Non Violente ou comment faire ?<\/a><\/span><\/span><\/strong><\/h2>\r\n<h2><span style=\"color: #800080;\"><strong><span style=\"color: #9e16c4;\">NE PLUS CRITIQUER NE VEUT PAS DIRE SE TAIRE !<\/span><img class=\"size-medium wp-image-816 alignright\" src=\"http:\/\/annerouch.fr\/wp-content\/uploads\/2016\/06\/Autruche-300x203.jpg\" alt=\"Autruche\" width=\"300\" height=\"203\" \/><\/strong><\/span>\r\n<span style=\"color: #800080;\"><strong>C'est juste un l\u00e2cher prise qui montre que l'on a acquis\u00a0une confiance en nos qualit\u00e9s, et que l'on n'est plus touch\u00e9 par la critique de fa\u00e7on personnelle.\r\nOn reconnait maintenant que la critique nous montre ce que l'on a encore \u00e0 reconnaitre et transformer chez soi !<\/strong><\/span><\/h2>\r\n&nbsp;\r\n<h1><span style=\"color: #800080;\"><strong>Le 3\u00e8me accord Tolt\u00e8que :<\/strong><\/span><\/h1>\r\n<h2><span style=\"color: #800080;\"><strong><span style=\"color: #ff00ff;\"><span style=\"color: #ff6600;\">*** La Qu\u00eate du chevalier ***<\/span><\/span><\/strong><\/span><\/h2>\r\n<h1><strong><span style=\"color: #3366ff;\">\"Ne faites aucune supposition\"\r\n<\/span><span style=\"color: #ff00ff;\"><i>\"Ayez le courage de poser des questions et d\u2019exprimer vos vrais d\u00e9sirs. Communiquez clairement avec les autres pour \u00e9viter tristesse, malentendus et drames.\"<\/i><\/span><\/strong><\/h1>\r\n<h2><span style=\"color: #9e16c4;\"><strong>Une petite explication concernant la d\u00e9marche de conscientiser et avoir l'intention de ne plus critiquer.<\/strong><\/span><\/h2>\r\n<h2><span style=\"color: #9e16c4;\"><strong>Critiquer les autres, se critiquer, \u00e9quivaut \u00e0 \u00e9mettre des choses n\u00e9gatives et un d\u00e9saccord vis-\u00e0-vis de \"ce\" ou \"qui\" l'on critique.\r\n<\/strong><\/span><span style=\"color: #000080;\"><strong><span style=\"color: #9e16c4;\">Je ne vous apprends rien si je vous dis que la critique fait partie du quotidien de la majorit\u00e9, de notre quotidien.<\/span>\r\n<\/strong><\/span><strong style=\"color: #333399; text-align: center;\">Ceux qui \"ont la volont\u00e9\" gr\u00e2ce \u00e0 leur <span style=\"color: #800080;\">intention<\/span> de transformer leur aspect critique en \"<span style=\"color: #800080;\">bienveillance<\/span>\" et \"non en jugement personnel\", observent les moments o\u00f9 ils critiquent, et se posent la question :\u00a0<\/strong><\/h2>\r\n<h2 style=\"text-align: center;\"><strong style=\"color: #333399; text-align: center;\"><span style=\"color: #eb7617;\">\"Pourquoi\u00a0est ce que je critique ici ?\"<\/span>\r\n<\/strong><span style=\"color: #c438eb;\"><strong style=\"color: #800080; text-align: center;\">Critiquer quelque chose ou quelqu'un, \u00e9quivaut toujours \u00e0 critiquer une partie de nous m\u00eame, que l'on n'accepte pas ! C'est alors qu'une de nos \"ombres\" se d\u00e9voile.<\/strong><\/span><\/h2>\r\n<div class=\"text_exposed_show\">\r\n<h1 style=\"text-align: center;\"><span style=\"text-decoration: underline; color: #c438eb;\"><strong>Critiquer une chose c'est ne pas accepter de pouvoir la vivre nous m\u00eame !<\/strong><\/span><\/h1>\r\n<h2><span style=\"color: #800080;\"><strong><span style=\"text-decoration: underline;\">Pratique<\/span> :\r\n<\/strong><\/span><span style=\"color: #333399;\"><strong>Pensez \u00e0 un fait concret que vous avez tendance \u00e0\u00a0critiquer, et posez vous la question :\r\n<\/strong><\/span><span style=\"color: #333399;\"><strong>\"Qu'est ce qui me d\u00e9range dans le fait d'accepter ce que je critique ?\" ou<\/strong><\/span><\/h2>\r\n<h2><span style=\"color: #eb7617;\"><strong>\"Quand ais je v\u00e9cu, enfant ou adulte, les m\u00eames \u00e9motions qui se pr\u00e9sentent \u00e0 moi maintenant, lorsque je vois ce que je critique ?\"<\/strong><\/span><\/h2>\r\n<h2><span style=\"color: #800080;\"><strong><span style=\"color: #eb7617;\">Sentez ces \u00e9motions en vous, quelles images, quels mots, quelles sensations font elles ressurgir \u00e0 votre conscience ?<\/span>\r\n<\/strong><strong>En acceptant de regarder en face et de laisser remonter ces choses, vous les gu\u00e9rissez, vous les transformez, vous les pardonnez, tel est le but !<\/strong><\/span><\/h2>\r\n<h2><span style=\"color: #333399;\"><strong>Il est donc primordial de comprendre \"<span style=\"color: #0000ff;\"><em>pourquoi<\/em><\/span>\" nous critiquons ce que nous critiquons !<\/strong><\/span>\r\n<span style=\"color: #333399;\"><strong>Mais attention \u00e0 ne pas confondre deux choses, ne plus critiquer ne veut pas dire para\u00eetre presque parfait devant les autres, et r\u00e9agir sans critiquer, cela s'apparente \u00e0 de la fausse modestie, encore l'\u00e9go et le mental en pr\u00e9sence !.<\/strong><\/span>\r\n<span style=\"color: #333399;\"><strong>Ne pas critiquer \"gratuitement\" et syst\u00e9matiquement, c'est de cela qu'il s'agit !<\/strong><\/span>\r\n<span style=\"color: #333399;\"><strong>Si vous ressentez une injustice sur l'instant, il est important de le dire aux personnes concern\u00e9es, en \u00e9vitant le \"tu\" et en privil\u00e9giant le \"Je\" dans les phrases employ\u00e9es ! <\/strong><\/span>\r\n<span style=\"color: #333399;\"><strong>Se taire serait vous renier vous-m\u00eame, vous devez \u00e9couter et revendiquer ce que vous ressentez sur le moment\/<\/strong><\/span>\r\n<span style=\"color: #333399;\"><strong>Exemple : Dire plut\u00f4t <span style=\"color: #0000ff;\"><em>\"je ne comprends pas que \u2026\u2026\"<\/em> <\/span>et \u00e9viter de dire <span style=\"color: #0000ff;\"><em>\"Tu as fait cela et \u00e7a me d\u00e9range !\"<\/em><\/span><\/strong><\/span><\/h2>\r\n&nbsp;\r\n<h1><span style=\"color: #800080;\"><strong>Le 4\u00e8me accord Tolt\u00e8que :<\/strong><\/span><\/h1>\r\n<h2><span style=\"color: #800080;\"><strong><span style=\"color: #ff00ff;\"><span style=\"color: #ff6600;\">*** La R\u00e8gle du chevalier ***<\/span><\/span><\/strong><\/span><\/h2>\r\n<h1><strong><span style=\"color: #3366ff;\">\"Faites toujours de votre mieux !\"\r\n<\/span><\/strong><span style=\"color: #ff00ff;\"><i>\"Votre \u201cmieux\u201d change d\u2019instant en instant. Quelles que soient les circonstances, faites simplement de votre mieux et vous \u00e9viterez de vous juger..\"<\/i><\/span><\/h1>\r\n<h1 class=\"color-therapies h2like\"><span style=\"color: #333399;\"><strong>L\u2019auteur des 4 accords Tolt\u00e8ques : Miguel Ruiz<\/strong><\/span><\/h1>\r\n<span style=\"color: #333399;\"><strong>N\u00e9 en 1952 dans une famille de gu\u00e9risseurs au Mexique, Miguel Ruiz devient neurochirurgien, avant qu\u2019une NDE (near death experience, \u00ab exp\u00e9rience de mort imminente \u00bb) dans les ann\u00e9es 1970 ne transforme sa vie. Il d\u00e9cide alors de retrouver le savoir de ses anc\u00eatres tolt\u00e8ques, devient chaman et se donne pour mission de transmettre cette sagesse au plus grand nombre. Apr\u00e8s des ann\u00e9es d\u2019enseignement et d\u2019\u00e9criture, il est victime d\u2019une attaque cardiaque en 2002, et passe le relais \u00e0 son fils, Jos\u00e9 Luis Ruiz. Les Quatre Accords tolt\u00e8ques restent son livre phare.<\/strong><\/span>\r\n<h1><a href=\"http:\/\/www.ebay.fr\/itm\/like\/292023682435\" target=\"_blank\" rel=\"noopener\"><span style=\"color: #ff00ff;\"><strong>Le jeu de cartes th\u00e9rapeutique des Accords Tolt\u00e8ques<\/strong><\/span><\/a><\/h1>\r\n<\/div>\r\n<h2>\u00a0<img class=\"\" src=\"http:\/\/www.editions-tredaniel.com\/images\/min\/978_2_8132_0613_8_UNE_494_696_1371106651.jpg\" alt=\"R\u00e9sultat de recherche d'images pour &quot;les accords tolt\u00e8ques les cartes&quot;\" width=\"453\" height=\"638\" \/><\/h2>\r\n<h2>\u00a0-------------------------------------<\/h2>\r\n<h2><\/h2>\r\n<div class=\"text_exposed_show\"><\/div>","protected":false},"excerpt":{"rendered":"<p>Les pens\u00e9es qui ressurgissent en paroles que nous projetons, sont des fl\u00e8ches ou de l&#8217;amour. Elles sont re\u00e7ues comme telles, notre intention fait la diff\u00e9rence ! Le 1er accord Tolt\u00e8que : *** L&#8217;\u00e9p\u00e9e du chevalier *** &#8220;Que votre parole soit impeccable&#8221; &#8220;Parlez avec int\u00e9grit\u00e9, ne dites que ce que vous pensez. N\u2019utilisez pas la parole [&hellip;]<\/p>\n","protected":false},"author":1,"featured_media":0,"parent":0,"menu_order":0,"comment_status":"closed","ping_status":"closed","template":"","meta":[],"_links":{"self":[{"href":"http:\/\/annerouch.fr\/index.php\/wp-json\/wp\/v2\/pages\/815"}],"collection":[{"href":"http:\/\/annerouch.fr\/index.php\/wp-json\/wp\/v2\/pages"}],"about":[{"href":"http:\/\/annerouch.fr\/index.php\/wp-json\/wp\/v2\/types\/page"}],"author":[{"embeddable":true,"href":"http:\/\/annerouch.fr\/index.php\/wp-json\/wp\/v2\/users\/1"}],"replies":[{"embeddable":true,"href":"http:\/\/annerouch.fr\/index.php\/wp-json\/wp\/v2\/comments?post=815"}],"version-history":[{"count":34,"href":"http:\/\/annerouch.fr\/index.php\/wp-json\/wp\/v2\/pages\/815\/revisions"}],"predecessor-version":[{"id":4436,"href":"http:\/\/annerouch.fr\/index.php\/wp-json\/wp\/v2\/pages\/815\/revisions\/4436"}],"wp:attachment":[{"href":"http:\/\/annerouch.fr\/index.php\/wp-json\/wp\/v2\/media?parent=815"}],"curies":[{"name":"wp","href":"https:\/\/api.w.org\/{rel}","templated":true}]}}