{"id":683,"date":"2016-06-10T22:30:51","date_gmt":"2016-06-10T21:30:51","guid":{"rendered":"http:\/\/annerouch.fr\/?page_id=683"},"modified":"2023-10-13T07:26:40","modified_gmt":"2023-10-13T06:26:40","slug":"leau-a-une-memoire","status":"publish","type":"page","link":"http:\/\/annerouch.fr\/index.php\/leau-a-une-memoire\/","title":{"rendered":"Buvons nos bonnes pens\u00e9es &#8230; elles gu\u00e9rissent notre corps"},"content":{"rendered":"<h4><\/h4>\r\n<!--[if lt IE 9]><script>document.createElement('audio');<\/script><![endif]-->\n<audio class=\"wp-audio-shortcode\" id=\"audio-683-1\" autoplay=\"1\" preload=\"none\" style=\"width: 100%;\" controls=\"controls\"><source type=\"audio\/mpeg\" src=\"http:\/\/annerouch.fr\/wp-content\/uploads\/2016\/06\/Eau-qui-coule.mp3?_=1\" \/><a href=\"http:\/\/annerouch.fr\/wp-content\/uploads\/2016\/06\/Eau-qui-coule.mp3\">http:\/\/annerouch.fr\/wp-content\/uploads\/2016\/06\/Eau-qui-coule.mp3<\/a><\/audio>\r\n\r\n&nbsp;\r\n\r\n<div style=\"width: 714px;\" class=\"wp-video\"><!--[if lt IE 9]><script>document.createElement('video');<\/script><![endif]-->\n<video class=\"wp-video-shortcode\" id=\"video-683-1\" width=\"714\" height=\"402\" autoplay=\"1\" preload=\"metadata\" controls=\"controls\"><source type=\"video\/mp4\" src=\"http:\/\/annerouch.fr\/wp-content\/uploads\/2016\/06\/Nouvelle-vid\u00e9o.mp4?_=1\" \/><a href=\"http:\/\/annerouch.fr\/wp-content\/uploads\/2016\/06\/Nouvelle-vid\u00e9o.mp4\">http:\/\/annerouch.fr\/wp-content\/uploads\/2016\/06\/Nouvelle-vid\u00e9o.mp4<\/a><\/video><\/div>\r\n<h1 style=\"text-align: center;\"><\/h1>\r\n<h1 style=\"text-align: center;\"><span style=\"color: #3366ff;\"><strong>L'eau a une m\u00e9moire.\r\nNos pens\u00e9es interagissent sur l'eau que nous buvons...\r\net l'eau en retourne et ancre ces vibrations H2O, limpides, pures g\u00e9n\u00e9r\u00e9es par nos pens\u00e9es,\r\n<\/strong><strong>qui en nourrissent\u00a0ainsi nos cellules.\r\nSi vous nourrissez en permanence des pens\u00e9es mentales n\u00e9gatives, tout ce que vous touchez en sera vibratoirement impr\u00e9gn\u00e9, car TOUT est vibrations dans l'univers.<\/strong><\/span><\/h1>\r\n<h1 style=\"text-align: center;\"><span style=\"color: #800080;\"><strong>\u00ab Tu n\u2019es pas malade, tu as simplement soif ! \u00bb <\/strong><\/span><\/h1>\r\n<h3 style=\"text-align: center;\"><span style=\"color: #800080;\"><strong>Dr Batmanghelidj<\/strong><\/span><\/h3>\r\n<h2><span style=\"color: #3366ff;\"><strong>Le corps humain est compos\u00e9 de 65\u00a0% d\u2019eau pour un adulte, de 75\u00a0% chez les nourrissons, et de \u00a094\u00a0% chez les embryons de trois jours.<\/strong>\r\n<strong> Les cellules, quant \u00e0 elles, sont compos\u00e9es de 70% \u00e0 95% d'eau.<\/strong><\/span><\/h2>\r\n<h2><span style=\"color: #000080;\"><strong>71\u00a0% de la surface de la Terre est recouverte d\u2019eau\u00a0(97\u00a0% d\u2019eau sal\u00e9e et 3\u00a0% d\u2019eau douce dans diff\u00e9rents r\u00e9servoirs), sous forme liquide dans les oc\u00e9ans<\/strong><\/span><\/h2>\r\n<h2><\/h2>\r\n<h1><span style=\"color: #a81448;\"><strong>Extrait du livre extraordinaire &gt; \u00a0<\/strong><\/span><span style=\"color: #800080;\"><strong><span style=\"color: #a81448;\">\"Conversation avec LAARKMAA\".<\/span><span style=\"text-decoration: underline; color: #a81448;\">\u00a0<\/span><img class=\"alignleft\" src=\"http:\/\/pmcdn.priceminister.com\/photo\/conversations-avec-laarkmaa-une-vision-pleiadienne-de-la-nouvelle-realite-de-collectif-1006569427_L.jpg\" alt=\"Afficher l'image d'origine\" width=\"331\" height=\"330\" \/><\/strong><\/span><\/h1>\r\n<h2><\/h2>\r\n<h1><span style=\"color: #ff00ff;\"><strong><span style=\"color: #3366ff;\">\"L'eau est <\/span><\/strong><\/span><span style=\"color: #ff00ff;\"><strong><span style=\"color: #3366ff;\"> une merveilleuse enseignante,\u00a0l'eau contenue dans votre corps, nettoie, elle transmet les informations qu'elle re\u00e7oit de vos propres pens\u00e9es, parce que vous \u00eates l'eau.\r\n<\/span><\/strong><\/span><strong><span style=\"color: #333399;\">Quand vous vous tournez vers l'eau pour recevoir un enseignement, vous honorez la forme qui v\u00e9hicule votre corps de lumi\u00e8re. <\/span><\/strong><\/h1>\r\n<h1><strong><span style=\"color: #333399;\"><span style=\"color: #800080;\">L'eau que vous \u00eates ne peut pas \u00eatre contr\u00f4l\u00e9e ni polaris\u00e9e.<\/span><\/span><\/strong><\/h1>\r\n<h1><strong><span style=\"color: #3366ff;\"><span style=\"text-decoration: underline;\">Nous attirons votre attention sur le fait que l'eau ne peut pas \u00eatre polaris\u00e9e,<\/span>\u00a0elle ne peut qu'\u00eatre affect\u00e9e par des \u00e9motions, <span style=\"color: #800080;\">mais elle ne restera pas longtemps dans une polarit\u00e9.<\/span><\/span><\/strong><\/h1>\r\n<h2><span style=\"color: #3366ff;\"><strong>Votre nature fluide permet de vous mouvoir pour d\u00e9passer des choses que vous avez besoin de transcender.<\/strong><\/span>\r\n<span style=\"color: #800080;\"> <strong> Il est important que vous compreniez que l'eau est un \u00e9l\u00e9ment particulier, et comme vous \u00eates compos\u00e9s en grande majorit\u00e9 d'eau, votre corps est lui aussi un \u00e9l\u00e9ment tr\u00e8s particulier.<\/strong><\/span><\/h2>\r\n<h2><span style=\"color: #800080;\"><strong>\r\n<span style=\"color: #3366ff;\">Quand vous aurez appris q<span style=\"text-decoration: underline;\">ue l'eau ne peut pas \u00eatre polaris\u00e9e,<\/span> vous trouverez que les \u00e9motions circulent plus facilement sans s'accrocher \u00e0 vous, pour ainsi dire.<\/span><\/strong><\/span>\r\n<span style=\"color: #3366ff;\"> <strong> Vous apprendrez alors \u00e0 d\u00e9passer les limitations d'\u00e9motions d\u00e9stabilisantes et votre monde personnel deviendra moins \u00e9motionnel.<\/strong><\/span><\/h2>\r\n<h1><span style=\"color: #3366ff;\"><strong>Le fait de focaliser votre attention sur l'eau qui coule en vous, d'apr\u00e8s une perspective cellulaire en vue du changement, est une fa\u00e7on d'en apprendre davantage sur ce que vous\u00a0v\u00e9hiculez, et comment communiquer diff\u00e9remment, pour aider votre transformation positivement.<\/strong><\/span>\r\n<span style=\"color: #800080;\"><strong>Comprenez bien que votre eau interne ne peut pas \u00eatre polaris\u00e9e ; elle peut juste \u00eatre <span style=\"text-decoration: underline;\">TEMPORAIREMENT INFLUENC\u00c9E.<\/span><\/strong><\/span><\/h1>\r\n<h1><span style=\"color: #800080;\"> <strong> Votre eau poss\u00e8de plus de puissance que vous ne pouvez l'imaginer.<\/strong><\/span>\r\n<span style=\"color: #3366ff;\"><strong>Elle poss\u00e8de une partie du secret pour \"d\u00e9verrouiller votre ADN\",<\/strong> c<strong>ar votre ADN est un bassin de substance semblable \u00e0 l'eau ; il n'est pas stratifi\u00e9 de fa\u00e7on lin\u00e9aire tel que vous le percevez actuellement.<\/strong><\/span>\r\n<span style=\"color: #3366ff;\"><strong> L'autre partie du secret pou d\u00e9verrouiller votre ADN peut \u00eatre trouv\u00e9e en d\u00e9faisant les structures rigides de vos syst\u00e8mes de croyances.<\/strong><\/span>\r\n<span style=\"color: #3366ff;\"> <strong> Quand vous d\u00e9faites vos croyances et que vous autorisez des possibilit\u00e9s inimaginables jusqu'alors, vous ouvrez les canaux pour que votre ADN se manifeste de la mani\u00e8re pr\u00e9vue.<\/strong><\/span>\r\n<span style=\"color: #3366ff;\"> <strong> Quand vous entrez dans l'eau, \u00e0 la mer par exemple, entrez-y comme si vous ne faisiez qu'un avec elle, comme si vous \u00e9tiez l'eau et qu'elle \u00e9tait vous\".<\/strong><\/span><\/h1>\r\n<h1><strong>\u00a0<span style=\"color: #800080;\">NOS PENS\u00c9ES ET NOS \u00c9MOTIONS INFLUENCENT\u00a0 L'EAU, PENSEZ Y LORSQUE VOUS BUVEZ.<\/span><\/strong><\/h1>\r\n&nbsp;","protected":false},"excerpt":{"rendered":"<p>&nbsp; L&#8217;eau a une m\u00e9moire. Nos pens\u00e9es interagissent sur l&#8217;eau que nous buvons&#8230; et l&#8217;eau en retourne et ancre ces vibrations H2O, limpides, pures g\u00e9n\u00e9r\u00e9es par nos pens\u00e9es, qui en nourrissent\u00a0ainsi nos cellules. Si vous nourrissez en permanence des pens\u00e9es mentales n\u00e9gatives, tout ce que vous touchez en sera vibratoirement impr\u00e9gn\u00e9, car TOUT est vibrations [&hellip;]<\/p>\n","protected":false},"author":1,"featured_media":0,"parent":0,"menu_order":0,"comment_status":"closed","ping_status":"closed","template":"","meta":[],"_links":{"self":[{"href":"http:\/\/annerouch.fr\/index.php\/wp-json\/wp\/v2\/pages\/683"}],"collection":[{"href":"http:\/\/annerouch.fr\/index.php\/wp-json\/wp\/v2\/pages"}],"about":[{"href":"http:\/\/annerouch.fr\/index.php\/wp-json\/wp\/v2\/types\/page"}],"author":[{"embeddable":true,"href":"http:\/\/annerouch.fr\/index.php\/wp-json\/wp\/v2\/users\/1"}],"replies":[{"embeddable":true,"href":"http:\/\/annerouch.fr\/index.php\/wp-json\/wp\/v2\/comments?post=683"}],"version-history":[{"count":42,"href":"http:\/\/annerouch.fr\/index.php\/wp-json\/wp\/v2\/pages\/683\/revisions"}],"predecessor-version":[{"id":4328,"href":"http:\/\/annerouch.fr\/index.php\/wp-json\/wp\/v2\/pages\/683\/revisions\/4328"}],"wp:attachment":[{"href":"http:\/\/annerouch.fr\/index.php\/wp-json\/wp\/v2\/media?parent=683"}],"curies":[{"name":"wp","href":"https:\/\/api.w.org\/{rel}","templated":true}]}}