{"id":627,"date":"2016-06-07T07:13:18","date_gmt":"2016-06-07T06:13:18","guid":{"rendered":"http:\/\/annerouch.fr\/?page_id=627"},"modified":"2023-05-16T09:01:41","modified_gmt":"2023-05-16T08:01:41","slug":"livres-audios","status":"publish","type":"page","link":"http:\/\/annerouch.fr\/index.php\/livres-audios\/","title":{"rendered":"VIDEOS ENRICHISSANTES"},"content":{"rendered":"<h3><img class=\"wp-image-3941 aligncenter\" src=\"http:\/\/annerouch.fr\/wp-content\/uploads\/2016\/06\/fleurs-de-lotus-lumineux-300x212.jpg\" alt=\"fleurs de lotus lumineux\" width=\"681\" height=\"482\" \/><\/h3>\r\n<iframe width=\"714\" height=\"402\" src=\"https:\/\/www.youtube.com\/embed\/BTkmgc4Ws_M?feature=oembed\" frameborder=\"0\" allowfullscreen><\/iframe>\r\n<h4><strong><span style=\"color: #0000ff;\">L'amour et le temps<\/span><\/strong><\/h4>\r\n<iframe width=\"714\" height=\"402\" src=\"https:\/\/www.youtube.com\/embed\/LqqfcpaPbEM?feature=oembed\" frameborder=\"0\" allowfullscreen><\/iframe>\r\n<h4><strong><span style=\"color: #0000ff;\">Qu'est ce que l'amour Vrai ?<\/span><\/strong><\/h4>\r\n<iframe width=\"714\" height=\"402\" src=\"https:\/\/www.youtube.com\/embed\/ralb_DkL_XA?feature=oembed\" frameborder=\"0\" allowfullscreen><\/iframe>\r\n<h4><\/h4>\r\n<h4>\u00a0<span style=\"color: #800080;\"><strong>Les 7 \u00e9tapes de \"L'ASCENSION\". Nous y arrivons ! <em><span style=\"color: #ff00ff;\">9 mn d'\u00e9coute ...\r\nCette vid\u00e9o est l'une des plus gu\u00e9risseuse ! Ecoutez , transmettez et relisez sans mod\u00e9ration \ud83d\ude42<\/span><\/em><\/strong><\/span><\/h4>\r\n<iframe width=\"714\" height=\"402\" src=\"https:\/\/www.youtube.com\/embed\/OS_3vZ-k__s?feature=oembed\" frameborder=\"0\" allowfullscreen><\/iframe>\r\n\r\n&nbsp;\r\n<h4 class=\"watch-title-container\"><span style=\"text-decoration: underline;\"><span id=\"eow-title\" class=\"watch-title\" dir=\"ltr\" style=\"color: #0000ff; text-decoration: underline;\" title=\"Les r\u00e8gles du jeu de la vie.\">\u00a0<\/span><\/span><\/h4>\r\n&nbsp;","protected":false},"excerpt":{"rendered":"<p>L&#8217;amour et le temps Qu&#8217;est ce que l&#8217;amour Vrai ? \u00a0Les 7 \u00e9tapes de &#8220;L&#8217;ASCENSION&#8221;. Nous y arrivons ! 9 mn d&#8217;\u00e9coute &#8230; Cette vid\u00e9o est l&#8217;une des plus gu\u00e9risseuse ! Ecoutez , transmettez et relisez sans mod\u00e9ration \ud83d\ude42 &nbsp; \u00a0 &nbsp;<\/p>\n","protected":false},"author":1,"featured_media":0,"parent":0,"menu_order":0,"comment_status":"closed","ping_status":"closed","template":"","meta":[],"_links":{"self":[{"href":"http:\/\/annerouch.fr\/index.php\/wp-json\/wp\/v2\/pages\/627"}],"collection":[{"href":"http:\/\/annerouch.fr\/index.php\/wp-json\/wp\/v2\/pages"}],"about":[{"href":"http:\/\/annerouch.fr\/index.php\/wp-json\/wp\/v2\/types\/page"}],"author":[{"embeddable":true,"href":"http:\/\/annerouch.fr\/index.php\/wp-json\/wp\/v2\/users\/1"}],"replies":[{"embeddable":true,"href":"http:\/\/annerouch.fr\/index.php\/wp-json\/wp\/v2\/comments?post=627"}],"version-history":[{"count":58,"href":"http:\/\/annerouch.fr\/index.php\/wp-json\/wp\/v2\/pages\/627\/revisions"}],"predecessor-version":[{"id":4291,"href":"http:\/\/annerouch.fr\/index.php\/wp-json\/wp\/v2\/pages\/627\/revisions\/4291"}],"wp:attachment":[{"href":"http:\/\/annerouch.fr\/index.php\/wp-json\/wp\/v2\/media?parent=627"}],"curies":[{"name":"wp","href":"https:\/\/api.w.org\/{rel}","templated":true}]}}