{"id":451,"date":"2016-06-03T12:27:42","date_gmt":"2016-06-03T11:27:42","guid":{"rendered":"http:\/\/annerouch.fr\/?page_id=451"},"modified":"2016-12-13T08:50:34","modified_gmt":"2016-12-13T07:50:34","slug":"t-i-p-i-ou-technique-didentification-des-peurs-inconscientes","status":"publish","type":"page","link":"http:\/\/annerouch.fr\/index.php\/t-i-p-i-ou-technique-didentification-des-peurs-inconscientes\/","title":{"rendered":"T I P I &#8211; sortir des blocages \u00e9motionnels &#038; traumas"},"content":{"rendered":"<h2><span style=\"color: #800080;\"><strong>Sortir des traumas et blocages \u00e9motionnels d\u00e9finitivement.<\/strong><\/span><\/h2>\r\n<h3><span style=\"color: #333399;\"><strong>D'abord comprendre comment \u00e7a marche, c'est primordial pour la gu\u00e9rison aussi, car votre intention et votre projection vont agir en votre faveur !<\/strong><\/span><\/h3>\r\n<h3><span style=\"color: #333399;\"><strong>Nous sommes tous dot\u00e9s d\u2019une fonction autonome de r\u00e9gulation \u00e9motionnelle\u2026 mais parfois cette r\u00e9gulation ne se fait pas : le m\u00e9canisme est bloqu\u00e9.<\/strong><\/span>\r\n<span style=\"color: #333399;\"> <strong> Ces blocages concernent en fait toutes nos difficult\u00e9s \u00e9motionnelles r\u00e9currentes, celles qui s\u2019invitent dans notre quotidien \u00e0 la moindre occasion : nos peurs, nos angoisses, nos phobies, nos anxi\u00e9t\u00e9s, nos stress, nos agacements, nos violences, nos inhibitions\u2026<\/strong><\/span><\/h3>\r\n<h3><span style=\"color: #333399;\"><strong>Qu\u2019il s\u2019agisse d\u2019un grave accident automobile ou d\u2019une rupture affective douloureuse, m\u00eame si les jours, les semaines, les mois suivants sont difficiles, le traumatisme se r\u00e9sorbe peu \u00e0 peu, et, alors que nous pensions cela impossible, un jour, nous reconduisons avec insouciance et nous aimons avec bonheur une autre personne. Mais pour certaines personnes, cette r\u00e9gulation ne se fait pas. Le m\u00e9canisme est bloqu\u00e9 et, dans la plupart des cas, la perturbation empire avec le temps !<\/strong><\/span><\/h3>\r\n<h3><span style=\"color: #333399;\"><span style=\"color: #800080;\"><strong>Luc Nicon,<\/strong> <\/span><strong>au cours de ses recherches sur les difficult\u00e9s d\u2019apprentissage, a identifi\u00e9 une capacit\u00e9 naturelle qui est \u00e0 notre disposition pour revivre sensoriellement l\u2019origine de chacun de nos blocages \u00e9motionnels pour les r\u00e9guler d\u00e9finitivement.<\/strong><\/span><\/h3>\r\n<h3><span style=\"color: #333399;\"><strong><span style=\"color: #0000ff;\">Exp\u00e9rimenter la m\u00e9thode Tipi explique qu'il est important <em>de revivre sensoriellement, sans en avoir peur, <span style=\"text-decoration: underline;\">les \u00e9motions li\u00e9es \u00e0 nos blocages ou m\u00e9moires du corps<\/span> (vertiges, phobies etc) en revivant \u00e0 travers le ressenti de notre corps et aid\u00e9 de notre respiration, l\u2019origine du trauma et de nos blocages \u00e9motionnels, pour <span style=\"text-decoration: underline;\">les r\u00e9guler enfin d\u00e9finitivement.<\/span><\/em><\/span>\r\n<\/strong><\/span><\/h3>\r\n<h3><span style=\"color: #ff6600;\"><strong>Des Vid\u00e9os gratuites pour apprendre l'auto gu\u00e9rison sont disponibles sur YouTube.\r\n<\/strong><strong>Je vous les propose ci dessous\u00a0!<\/strong><\/span><\/h3>\r\n<h2 style=\"text-align: left;\"><strong><span style=\"color: #0000ff;\"><img class=\"alignnone size-full wp-image-44\" src=\"http:\/\/annerouch.fr\/wp-content\/uploads\/2016\/05\/massag.png\" alt=\"massag\" width=\"48\" height=\"48\" \/>\u00a0 <span style=\"text-decoration: underline;\">La pratique.<\/span><\/span><span style=\"text-decoration: underline;\">\u00a0<span style=\"color: #3366ff; text-decoration: underline;\">\u00a0<\/span><\/span><\/strong><\/h2>\r\n<h2 style=\"text-align: center;\"><strong><span style=\"color: #ff6600;\"><img class=\"size-full wp-image-452 alignleft\" src=\"http:\/\/annerouch.fr\/wp-content\/uploads\/2016\/06\/m\u00e9dit.png\" alt=\"m\u00e9dit\" width=\"160\" height=\"180\" \/><span style=\"color: #0000ff;\">R\u00e9fl\u00e9chissez \u00e0 un blocage r\u00e9current, un seul<\/span><\/span><\/strong>\r\n<span style=\"color: #0000ff;\"> <strong>\u00c9valuez\u00a0votre blocage de 1 \u00e0 10. Faites T.I.P.I.\u00a0<\/strong><\/span>\r\n<span style=\"color: #0000ff;\"> <strong>Prenez le temps de bien ressentir, comme l'explique la\u00a0vid\u00e9o ci dessous <\/strong>(TIPI \u00e0 chaud)<strong>, puis, \u00e0 la fin, re \u00e9valuez votre blocage de 1 \u00e0 10. <\/strong><\/span>\r\n<span style=\"color: #0000ff;\"> <strong>Il devrait avoir diminuer en intensit\u00e9, voire avoir disparu pour ne plus revenir, jamais !<\/strong><\/span>\r\n<span style=\"color: #0000ff;\"> <strong>Si cela revient, refaire la m\u00e9thode une seconde fois<\/strong>.<\/span><\/h2>\r\n&nbsp;\r\n<h2><span style=\"text-decoration: underline;\"><span style=\"color: #800080; text-decoration: underline;\"><b>VID\u00c9OS<\/b><\/span><\/span><strong><span style=\"text-decoration: underline;\"><span style=\"color: #800080; text-decoration: underline;\">\u00a0RESSOURCE :<\/span><\/span><a href=\"https:\/\/www.youtube.com\/watch?v=VA_lzL4m0-c\" target=\"_blank\">\r\n<span style=\"color: #800080;\">Tipi en situation : un film de formation gratuit<\/span><\/a><span style=\"color: #800080;\">\u2026<\/span><\/strong><\/h2>\r\n<h3><span style=\"color: #800080;\"><strong><a style=\"color: #800080;\" href=\"https:\/\/www.youtube.com\/watch?v=AiRdwwoG7O4\" target=\"_blank\">Luc Nicon se pr\u00e9sente et expliqu<\/a><a style=\"color: #800080;\" href=\"https:\/\/www.youtube.com\/watch?v=AiRdwwoG7O4\" target=\"_blank\">e :<\/a>)<\/strong><\/span><\/h3>\r\n&nbsp;\r\n<h3 style=\"text-align: left;\"><span style=\"color: #333399;\"><strong><img class=\"wp-image-457 alignleft\" src=\"http:\/\/annerouch.fr\/wp-content\/uploads\/2016\/06\/tristesse-300x225.jpg\" alt=\"tristesse\" width=\"232\" height=\"174\" \/><img class=\"alignnone size-full wp-image-44\" src=\"http:\/\/annerouch.fr\/wp-content\/uploads\/2016\/05\/massag.png\" alt=\"massag\" width=\"48\" height=\"48\" \/><span style=\"color: #0000ff;\">\u00a0 Guidance d'une crise - Faire \u00a0T.I.P.I \u00e0 chaud !<\/span><\/strong><\/span><\/h3>\r\n<h3 style=\"text-align: left;\"><span style=\"color: #333399;\"><strong>Un clic sur lien ci dessous :\r\n<a href=\"https:\/\/www.youtube.com\/watch?v=1ng88uQBBJk\" target=\"_blank\">G\u00e9rer une crise d'angoisse, panique, col\u00e8re, d\u00e9prime, au moment o\u00f9 vous la vivez, maintenant si c'est le cas.<\/a><\/strong><\/span><\/h3>","protected":false},"excerpt":{"rendered":"<p>Sortir des traumas et blocages \u00e9motionnels d\u00e9finitivement. D&#8217;abord comprendre comment \u00e7a marche, c&#8217;est primordial pour la gu\u00e9rison aussi, car votre intention et votre projection vont agir en votre faveur ! Nous sommes tous dot\u00e9s d\u2019une fonction autonome de r\u00e9gulation \u00e9motionnelle\u2026 mais parfois cette r\u00e9gulation ne se fait pas : le m\u00e9canisme est bloqu\u00e9. Ces blocages [&hellip;]<\/p>\n","protected":false},"author":1,"featured_media":0,"parent":0,"menu_order":0,"comment_status":"closed","ping_status":"closed","template":"","meta":[],"_links":{"self":[{"href":"http:\/\/annerouch.fr\/index.php\/wp-json\/wp\/v2\/pages\/451"}],"collection":[{"href":"http:\/\/annerouch.fr\/index.php\/wp-json\/wp\/v2\/pages"}],"about":[{"href":"http:\/\/annerouch.fr\/index.php\/wp-json\/wp\/v2\/types\/page"}],"author":[{"embeddable":true,"href":"http:\/\/annerouch.fr\/index.php\/wp-json\/wp\/v2\/users\/1"}],"replies":[{"embeddable":true,"href":"http:\/\/annerouch.fr\/index.php\/wp-json\/wp\/v2\/comments?post=451"}],"version-history":[{"count":26,"href":"http:\/\/annerouch.fr\/index.php\/wp-json\/wp\/v2\/pages\/451\/revisions"}],"predecessor-version":[{"id":1739,"href":"http:\/\/annerouch.fr\/index.php\/wp-json\/wp\/v2\/pages\/451\/revisions\/1739"}],"wp:attachment":[{"href":"http:\/\/annerouch.fr\/index.php\/wp-json\/wp\/v2\/media?parent=451"}],"curies":[{"name":"wp","href":"https:\/\/api.w.org\/{rel}","templated":true}]}}