{"id":3686,"date":"2021-04-29T08:17:51","date_gmt":"2021-04-29T07:17:51","guid":{"rendered":"http:\/\/annerouch.fr\/?page_id=3686"},"modified":"2021-04-29T08:30:29","modified_gmt":"2021-04-29T07:30:29","slug":"le-wesak","status":"publish","type":"page","link":"http:\/\/annerouch.fr\/index.php\/le-wesak\/","title":{"rendered":"Le WESAK"},"content":{"rendered":"<img class=\"aligncenter\" src=\"https:\/\/www.vers-la-lumiere.fr\/wp-content\/uploads\/2021\/04\/la-fete-du-wezak.jpg\" \/>\r\n<h2><strong><span style=\"color: #ff00ff;\"><a style=\"color: #ff00ff;\" href=\"http:\/\/www.vers-la-lumiere.fr\/2021\/04\/messages-personnels\/wesak#more-7641\">Par Michka\u00a0<\/a><\/span><\/strong><\/h2>\r\n<h3><span style=\"color: #3366ff;\"><strong>Bonjour \u00e0 tous les curieux que ce sujet int\u00e9resse autant que moi !!<\/strong><\/span><\/h3>\r\n<h3><span style=\"color: #3366ff;\"><strong><span style=\"color: #ff00ff;\">J\u2019ai d\u00e9couvert la f\u00eate du Wesak<\/span> sur Internet il y a d\u00e9j\u00e0 quelques ann\u00e9es, \u00e0 un moment de ma vie o\u00f9 je me suis ouverte aux \u00e9nergies du monde et o\u00f9 j\u2019ai cr\u00e9\u00e9 mon tout premier blog, maintenant ferm\u00e9 (2007).\r\nJe suis de ceux et celles qui suivent un lien sur la toile, puis un autre, puis encore un autre (et cela des heures durant parfois) en qu\u00eate d\u2019une r\u00e9ponse, d\u2019un \u00e9clairage et c\u2019est ainsi que je suis arriv\u00e9e \u00e0 la f\u00eate du Wesak.\r\nJ\u2019ai envie aujourd\u2019hui de revenir sur ce sujet en adoptant une formule genre \u00ab\u00a0foire aux questions\u00a0\u00bb car il y en a tant auxquelles j\u2019ai trouv\u00e9 des r\u00e9ponses int\u00e9ressantes que je crains de me perdre en route !<\/strong><\/span><\/h3>\r\n<h2><span style=\"color: #8f0bbf;\"><strong>Qu\u2019est-ce que le W\u00e9sak ?<\/strong><\/span><\/h2>\r\n<h3><span style=\"color: #3366ff;\"><strong>Le mot Vesak ou Wesak vient du sanscrit et d\u00e9signe \u00e0 l\u2019origine les mois d\u2019avril et de mai, c\u2019est-\u00e0- dire la p\u00e9riode des moissons dans l\u2019\u00e9tat du Pendjab. Cette r\u00e9gion \u00e9tait consid\u00e9r\u00e9e comme le grenier \u00e0 bl\u00e9 de l\u2019Inde. Nous pouvons donc comprendre qu\u2019au d\u00e9part, dans des temps tr\u00e8s lointains, le Vesak correspondait \u00e0 la f\u00eate des moissons.<\/strong><\/span><\/h3>\r\n<h3><span style=\"color: #3366ff;\"><strong><span style=\"text-decoration: underline;\"><span style=\"color: #8f0bbf; text-decoration: underline;\">La f\u00eate du m\u00eame nom est devenue une c\u00e9l\u00e9bration des trois grandes \u00e9tapes de la vie de Siddh\u0101rtha Gautama, dit Shakyamuni ou le Bouddha.<\/span><\/span> Ces trois grandes \u00e9tapes sont sa naissance, son illumination et sa mort elles n\u2019ont pas fait l\u2019unanimit\u00e9 des historiens quant aux dates r\u00e9elles.\r\nMais cela a-t-il une importance? Nous savons que depuis le cinqui\u00e8me si\u00e8cle avant J\u00e9sus Christ, des fid\u00e8les ont suivi les enseignements de Bouddha et ont perp\u00e9tu\u00e9 des traditions philosophiques et spirituelles qui se sont r\u00e9pandues sous le nom de bouddhisme.<\/strong><\/span><\/h3>\r\n<h3><span style=\"color: #3366ff;\"><strong><span style=\"color: #ff00ff;\">Maintenant, pour beaucoup d\u2019entre nous, Occidentaux, la f\u00eate du W\u00e9sak est devenue la f\u00eate spirituelle de la r\u00e9union de la Pens\u00e9e du Bouddha et de l\u2019Amour du Christ dans la vall\u00e9e mythique de Shambala.<\/span> Le message essentiel de cette f\u00eate reste en 2021 la compassion et le d\u00e9vouement au service de l\u2019humanit\u00e9. Des c\u00e9r\u00e9monies inter-religions se d\u00e9veloppent au fil des ann\u00e9es dans diff\u00e9rents endroits mais c\u2019est surtout lors des m\u00e9ditations mondiales auxquelles chacun se relie lors des pleines lunes d\u2019avril ou de mai que la f\u00eate du W\u00e9sak rassemble le plus de personnes.<\/strong><\/span><\/h3>\r\n<h2><span style=\"color: #8f0bbf;\"><strong>Quel est le lien entre le W\u00e9sak et la Grande Invocation ?<\/strong><\/span><\/h2>\r\n<h3><span style=\"color: #0000ff;\"><strong>Dans des \u00e9crits d\u2018Alice A. Bailey sous la conduite du Tib\u00e9tain, Djwhal Khul, l\u2019expression \u00abPleine Lune de mai\u00bb est utilis\u00e9e pour parler de la F\u00eate de W\u00e9sak (la pleine lune du Bouddha) tandis que la \u00abPleine Lune de juin\u00bb (la pleine lune du Christ) fait r\u00e9f\u00e9rence \u00e0 \u00ab\u00a0la F\u00eate de l\u2019Humanit\u00e9\u00a0\u00bb..<\/strong><\/span><\/h3>\r\n<h3><span style=\"color: #3366ff;\"><strong>Le lien s\u2019est alors clairement r\u00e9v\u00e9l\u00e9 entre la f\u00eate c\u00e9l\u00e9br\u00e9e jusque-l\u00e0 seulement par les Bouddhistes, le Wesak, et les travaux spirituels de Alice Bailey, inspir\u00e9s par ce qui est nomm\u00e9 \u00ab\u00a0les Hi\u00e9rarchies\u00a0\u00bb.<\/strong><\/span><\/h3>\r\n<h3><span style=\"color: #3366ff;\"><strong><span style=\"color: #0000ff;\">Datant de la p\u00e9riode apr\u00e8s la guerre de 1939-1945, est apparue la pri\u00e8re dite de la Grande Invocation transmise par Alice Bailey. <\/span>\r\n<span style=\"color: #0000ff;\"> Cette pri\u00e8re (que vous retrouverez au bas de cet article) est d\u2019une puissance spirituelle extraordinaire lorsque nous la r\u00e9citons en conscience.<\/span>\r\n<span style=\"color: #ff00ff;\">La Grande Invocation<\/span> a \u00e9t\u00e9 transmise \u00e0 Alice Bailey en avril 1945 dans un message pour toutes les personnes de bonne volont\u00e9.<\/strong><\/span><\/h3>\r\n<h3><span style=\"color: #3366ff;\"><strong>Quand nous regardons l\u2019histoire avec un certain recul, nous voyons des p\u00e9riodes o\u00f9 l\u2019humanit\u00e9 vit des bouleversements mais re\u00e7oit aussi dans ces moments des guidances spirituelles qui lui permettent de sortir de sa l\u00e9thargie et de s\u2019ouvrir \u00e0 plus de conscience.\r\nJ\u2019ai remarqu\u00e9 que c\u2019est au m\u00eame moment (de juin 1943 \u00e0 novembre 1944) que sont n\u00e9s les <span style=\"color: #ff00ff;\">\u00ab\u00a0Dialogues avec l\u2019Ange\u00a0\u00bb, transcrits plus tard par Gitta Mallasz en 1960.<\/span><\/strong><\/span><\/h3>\r\n<h3><span style=\"color: #3366ff;\"><strong>La \u00ab\u00a0Journ\u00e9e du Wesak\u00a0\u00bb a \u00e9t\u00e9 officialis\u00e9e par les Nations-Unies, elle est c\u00e9l\u00e9br\u00e9e officiellement une fois par an, et cette ann\u00e9e ce sera le 26 Mai 2021.<\/strong><\/span><\/h3>\r\n<h2><span style=\"color: #8f0bbf;\"><strong>Quelle est la vraie date de la pleine lune du W\u00e9sak ?<\/strong><\/span><\/h2>\r\n<h3><span style=\"color: #3366ff;\"><strong>Je vais faire une r\u00e9ponse nuanc\u00e9e car, \u00e0 la v\u00e9rit\u00e9, ce n\u2019est pas un aspect tr\u00e8s clair dans les esprits et je ne d\u00e9sire pas entrer dans un vain d\u00e9bat sur ce sujet. Vous verrez souvent la mention \u00ab\u00a0Pleine lune de Mai\u00a0\u00bb pour d\u00e9signer la date. Les textes disent \u00ab\u00a0la pleine lune de Mai\u00a0\u00bb mais ce n\u2019est pas toujours conforme au calendrier. Retenons deux choses:<\/strong><\/span><\/h3>\r\n<h3><span style=\"color: #ff00ff;\"><strong>\u2013 Le mois de Mai est celui o\u00f9 r\u00e8gne le plus l\u2019\u00e9nergie du Taureau (qui s\u2019\u00e9tend selon les ann\u00e9es du 20-21 avril au 20-21 mai).<\/strong><\/span><\/h3>\r\n<h3><span style=\"color: #3366ff;\"><strong>\u2013 Le Wesak prend ses origines en Inde et que de ce fait purement g\u00e9ographique, notre zodiaque n\u2019est pas le m\u00eame. Nous sommes bas\u00e9s sur une astrologie traditionnelle tropicale mais je ne sais si ces deux raisons sont en cause pour la diff\u00e9rence de dates.<\/strong><\/span><\/h3>\r\n<h3><span style=\"color: #3366ff;\"><strong>Pour moi, et parce que cela fait r\u00e9sonance en moi, la pleine lune du Wesak est celle qui a lieu quand le Soleil est en Taureau. Car si nous attendions une vraie \u00ab\u00a0pleine lune en Taureau\u00a0\u00bb, nous serions en automne lorsque le Soleil est en Scorpion, pour cette ann\u00e9e ce serait le 19 novembre 2021 quand la lune et le soleil se feront face \u00e0 27\u00b014 de l\u2019axe Taureau Scorpion. J\u2019ai d\u2019ailleurs visit\u00e9 un site o\u00f9 l\u2019invitation de c\u00e9l\u00e9brer le Wesak fait r\u00e9f\u00e9rence aux dates de la \u00ab\u00a0vraie\u00a0\u00bb pleine lune en Taureau \u00e0 savoir et \u00e7a m\u2019a amus\u00e9e car j\u2019aime bien que tout soit permis selon la conscience de chacun, m\u00eame si je me sens davantage en coh\u00e9rence avec l\u2019\u00e9nergie de cette c\u00e9l\u00e9bration lors du mois du Taureau.<\/strong><\/span><\/h3>\r\n<h3><span style=\"color: #3366ff;\"><strong>Pour cette ann\u00e9e 2021 c\u2019est bien \u00e0 la r\u00e9cente pleine lune du 27 avril 2021 qu\u2019on peut attribuer le titre de \u00ab\u00a0Pleine Lune du Wesak\u00a0\u00bb car la pleine lune suivante sera en Sagittaire. tandis que le Soleil sera en G\u00e9meaux.*<\/strong><\/span><\/h3>\r\n<h3><span style=\"color: #3366ff;\"><strong>Quelle que soit votre pr\u00e9f\u00e9rence, c\u2019est OK et il me semble plus essentiel que nous restions connect\u00e9s \u00e0 notre c\u0153ur plus qu\u2019\u00e0 notre cerveau afin de ne pas trop nous en faire pour la date. Le temps au niveau de l\u2019Univers n\u2019est pas une chose \u00e9tablie comme dans notre perception mentale. Il n\u2019 y a pas de bonne date, de fausse date, de mauvaise date, d\u2019avant et d\u2019apr\u00e8s, l\u2019acc\u00e8s \u00e0 la magie des forces de l\u2019Univers \u00e9tant uniquement ouvert dans le pr\u00e9sent. Et je dirais bien que nous pourrions c\u00e9l\u00e9brer la Pleine Lune du Wesak pendant le mois entier si cela nous chante !<\/strong><\/span><\/h3>\r\n<h3><span style=\"color: #3366ff;\"><strong><span style=\"color: #ff00ff;\">Le Wesak n\u2019est-il pas devenu \u00e0 notre \u00e9poque la F\u00eate de la r\u00e9conciliation entre diff\u00e9rentes religions? Et plus encore de la r\u00e9conciliation en nous m\u00eame\u00a0?<\/span> D\u2019un point de vue personnel, \u00e0 l\u2019occasion de l\u2019anniversaire du Bouddha,je ressens le W\u00e9sak non seulement comme une opportunit\u00e9 de rapprochement de toutes les religions et des croyances mais aussi comme un temps d\u2019afflux d\u2019\u00e9nergies spirituelles tr\u00e8s fortes qui nous permettent aussi de nous unifier \u00e0 l\u2019int\u00e9rieur de nous et de faire la paix aussi autour de nous.<\/strong><\/span><\/h3>\r\n<h3><span style=\"color: #3366ff;\"><strong>Je vous livre mes sources d\u2019inspiration ci-dessous. Je vous invite \u00e0 \u00ab\u00a0ne pas prendre pour argent comptant tout ce qui est \u00e9crit ou sugg\u00e9r\u00e9\u00a0\u00bb, sentez si les mots font r\u00e9sonance en vous ou pas, il est tr\u00e8s important de vous placer dans un \u00e9tat sceptique et de garder votre plein discernement. Nul n\u2019est mieux plac\u00e9 que vous pour conna\u00eetre la v\u00e9rit\u00e9 \u00e0 laquelle vous avez envie de croire.<\/strong><\/span><\/h3>\r\n<h3><span style=\"color: #3366ff;\"><strong>Je vous remercie de votre attention, je vous retrouverai pour la Nouvelle Lune en Taureau et en attendant, je vous envoie tout plein de belles pens\u00e9es lumineuses et pleines de tendresse,<\/strong><\/span><\/h3>\r\n<h2><span style=\"color: #800080;\"><strong>Michka<\/strong><\/span><\/h2>\r\n<h2 style=\"text-align: center;\"><span style=\"color: #0000ff;\"><strong>La grande invocation<\/strong><\/span><\/h2>\r\n<h2><span style=\"color: #ff00ff;\"><strong><em>NB :<\/em> Ici est utilis\u00e9 le nom <span style=\"color: #0000ff;\">\u00ab\u00a0Christ\u00a0\u00bb <\/span>\u00e0 la sixi\u00e8me ligne. De nombreuses religions croient en un Instructeur du Monde, et le consid\u00e8rent comme \u00ab\u00a0Celui qui viendra\u00a0\u00bb, le connaissant sous des noms tels que Christ, le Seigneur Maitreya, l\u2019Imam Mahdi, l\u2019Avatar Kalki et le Bodhisattva.\r\nCes noms sont donc parfois utilis\u00e9s dans les versions de la Grande Invocation pour les personnes de confessions sp\u00e9cifiques.\r\n<span style=\"color: #3366ff;\">Il n\u2019est pas question de g\u00e9n\u00e9rer une pol\u00e9mique religieuse car ce sont des \u00e9nergies spirituelles d\u2019Amour Universel qui sont \u00e9voqu\u00e9es ici et pas des personnes physiques.<\/span><\/strong><\/span><\/h2>\r\n<h2 class=\"wp-block-image size-large\"><span style=\"color: #3366ff;\"><img class=\"aligncenter\" src=\"http:\/\/www.ngwd.nl\/frans\/Nouveaux_developpements\/afb_nwe_ontwikkelingen\/La%20grande%20Invocation.jpg\" alt=\"La grande Invocation\" width=\"662\" height=\"426\" \/><\/span><\/h2>\r\n<h2><span style=\"color: #ff00ff;\"><strong>* Les cartes du ciel astrologique des pleines lunes de avril et mai 2021<\/strong><\/span><\/h2>\r\n<h2 class=\"wp-block-image size-large\"><span style=\"color: #3366ff;\"><strong><a style=\"color: #3366ff;\" href=\"http:\/\/www.vers-la-lumiere.fr\/wp-content\/uploads\/2021\/04\/PLEINE-LUNE-du-27-avril-2021-a-03h32m-UTC.jpg\"><img class=\"wp-image-7617 aligncenter\" src=\"http:\/\/www.vers-la-lumiere.fr\/wp-content\/uploads\/2021\/04\/PLEINE-LUNE-du-27-avril-2021-a-03h32m-UTC.jpg\" sizes=\"(max-width: 574px) 100vw, 574px\" srcset=\"http:\/\/www.vers-la-lumiere.fr\/wp-content\/uploads\/2021\/04\/PLEINE-LUNE-du-27-avril-2021-a-03h32m-UTC.jpg 574w, http:\/\/www.vers-la-lumiere.fr\/wp-content\/uploads\/2021\/04\/PLEINE-LUNE-du-27-avril-2021-a-03h32m-UTC-300x300.jpg 300w, http:\/\/www.vers-la-lumiere.fr\/wp-content\/uploads\/2021\/04\/PLEINE-LUNE-du-27-avril-2021-a-03h32m-UTC-150x150.jpg 150w, http:\/\/www.vers-la-lumiere.fr\/wp-content\/uploads\/2021\/04\/PLEINE-LUNE-du-27-avril-2021-a-03h32m-UTC-301x300.jpg 301w\" alt=\"\" width=\"429\" height=\"428\" \/><\/a><\/strong><\/span><span style=\"color: #800080;\"><strong>Pleine Lune en Scorpion du 27 avril 2021 ou Pleine Lune du W\u00e9sak<\/strong><\/span><\/h2>\r\n<h2 class=\"wp-block-image size-large\"><span style=\"color: #3366ff;\"><strong><a style=\"color: #3366ff;\" href=\"http:\/\/www.vers-la-lumiere.fr\/wp-content\/uploads\/2021\/04\/PLEINE-LUNE-du-26-Mai-2021.jpg\"><img class=\"wp-image-7643 aligncenter\" src=\"http:\/\/www.vers-la-lumiere.fr\/wp-content\/uploads\/2021\/04\/PLEINE-LUNE-du-26-Mai-2021.jpg\" sizes=\"(max-width: 574px) 100vw, 574px\" srcset=\"http:\/\/www.vers-la-lumiere.fr\/wp-content\/uploads\/2021\/04\/PLEINE-LUNE-du-26-Mai-2021.jpg 574w, http:\/\/www.vers-la-lumiere.fr\/wp-content\/uploads\/2021\/04\/PLEINE-LUNE-du-26-Mai-2021-300x300.jpg 300w, http:\/\/www.vers-la-lumiere.fr\/wp-content\/uploads\/2021\/04\/PLEINE-LUNE-du-26-Mai-2021-150x150.jpg 150w, http:\/\/www.vers-la-lumiere.fr\/wp-content\/uploads\/2021\/04\/PLEINE-LUNE-du-26-Mai-2021-301x300.jpg 301w\" alt=\"\" width=\"426\" height=\"425\" \/><\/a><\/strong><\/span><span style=\"color: #333399;\"><strong>Pleine Lune en Sagittaire du 26 Mai 2021<\/strong><\/span><\/h2>\r\n<h2><em><span style=\"color: #800080;\"><strong>Toutes les sources ci dessous sont externes et renvoient \u00e0 d\u2019autres sites :<\/strong><\/span><\/em><\/h2>\r\n<h2><span style=\"color: #3366ff;\"><strong>\u2013 Le livre \u00ab<span style=\"color: #ff00ff;\">\u00a0<a style=\"color: #ff00ff;\" href=\"https:\/\/amzn.to\/3t1J11P\" target=\"_blank\" rel=\"noreferrer noopener\">W\u00e9sak, L\u2019Heure de la R\u00e9conciliation<\/a>\u00a0\u00bb<\/span> est un de mes livres-ressources, il me suit depuis 2008. <span style=\"color: #800080;\">C\u2019est un appel \u00e0 la r\u00e9conciliation , le W\u00e9sak int\u00e9rieur \u00e0 chaque homme . Transmis par Anne Givaudan et Daniel Meurois (Editions Pers\u00e9a-1996)<\/span><\/strong><\/span><\/h2>\r\n<h2><span style=\"color: #3366ff;\"><strong>\u2013 <span style=\"color: #ff00ff;\">Les\u00a0<a style=\"color: #ff00ff;\" href=\"https:\/\/fr.wikipedia.org\/wiki\/Vesak\" target=\"_blank\" rel=\"noreferrer noopener\">origines du Wesak<\/a>\u00a0ainsi que\u00a0<a style=\"color: #ff00ff;\" href=\"https:\/\/fr.wikipedia.org\/wiki\/Siddhartha_Gautama#Vie_au_palais_et_mariage\" target=\"_blank\" rel=\"noreferrer noopener\">la Vie de Bouddha<\/a>,<\/span> expliqu\u00e9es sur Wikipedia (cliquez sur les liens respectifs)<\/strong><\/span><\/h2>\r\n<h2><span style=\"color: #3366ff;\"><strong>\u2013 La vid\u00e9o de Yann Loranger (je l\u2019appelle avec bienveillance \u00a0\u00bb l\u2019apiculteur astrologue\u00a0\u00bb) qui explique clairement les diff\u00e9rences des dates du Wesak et nous livre sa<a style=\"color: #3366ff;\" href=\"https:\/\/youtu.be\/INpv9Xn1NhU\" target=\"_blank\" rel=\"noreferrer noopener\">\u00a0<span style=\"color: #800080;\">version de la pleine lune en Scorpion sur You Yube<\/span><\/a><\/strong><\/span><\/h2>\r\n<h2><span style=\"color: #3366ff;\"><strong>\u2013\u00a0<span style=\"color: #ff00ff;\"><a style=\"color: #ff00ff;\" href=\"https:\/\/www.un.org\/fr\/observances\/vesak-day\" target=\"_blank\" rel=\"noreferrer noopener\">La journ\u00e9e du W\u00e9sak aux Nations Unies<\/a><\/span><\/strong><\/span><\/h2>\r\n<h2><span style=\"color: #3366ff;\"><strong>\u2013<span style=\"color: #ff00ff;\"><a style=\"color: #ff00ff;\" href=\"https:\/\/www.lucistrust.org\/fr\/resources\/festivals\/taurus\" target=\"_blank\" rel=\"noreferrer noopener\">Le festival du W\u00e9sak<\/a><\/span>\u00a0sur le site de LucisTrust avec de nombreux acc\u00e8s \u00e0 des informations tr\u00e8s enrichissantes<span style=\"color: #ff00ff;\"> sur les travaux d\u2019Alice Bailey et l\u2019\u00c9cole Arcane<\/span><\/strong><\/span><\/h2>\r\n<h2><span style=\"color: #3366ff;\"><strong>Enfin une annonce tr\u00e8s technique qui n\u2019a rien \u00e0 voir avec le W\u00e9sak mais elle me semble importante pour moi: Aur\u00e9lie, administratrice du site, a install\u00e9 une extension qui vous permettra de suivre les fils des commentaires en cliquant sur une petite case avant de poster le v\u00f4tre \u00e7a se pr\u00e9sente d\u00e9sormais comme sur l\u2019image affich\u00e9e ci-dessous: Voil\u00e0, nous n\u2019avons plus qu\u2019\u00e0 tester, un mail nous sera envoy\u00e9 chaque fois qu\u2019une personne postera une r\u00e9ponse !<\/strong><\/span><\/h2>\r\n<h2><span style=\"color: #3366ff;\"><strong>Bon c\u2019est fini pour aujourd\u2019hui !<\/strong><\/span><\/h2>\r\n<h2 class=\"wp-block-image size-large is-resized\"><span style=\"color: #3366ff;\"><strong><a style=\"color: #3366ff;\" href=\"http:\/\/www.vers-la-lumiere.fr\/wp-content\/uploads\/2018\/08\/%C3%A9clat-de-rire.jpg\"><img class=\"wp-image-5667\" src=\"http:\/\/www.vers-la-lumiere.fr\/wp-content\/uploads\/2018\/08\/%C3%A9clat-de-rire.jpg\" sizes=\"(max-width: 119px) 100vw, 119px\" srcset=\"http:\/\/www.vers-la-lumiere.fr\/wp-content\/uploads\/2018\/08\/\u00e9clat-de-rire.jpg 474w, http:\/\/www.vers-la-lumiere.fr\/wp-content\/uploads\/2018\/08\/\u00e9clat-de-rire-300x216.jpg 300w, http:\/\/www.vers-la-lumiere.fr\/wp-content\/uploads\/2018\/08\/\u00e9clat-de-rire-417x300.jpg 417w\" alt=\"\" width=\"119\" height=\"86\" \/><\/a><\/strong><\/span><span style=\"color: #3366ff;\"><strong>Michka<\/strong><\/span><\/h2>","protected":false},"excerpt":{"rendered":"<p>Par Michka\u00a0 Bonjour \u00e0 tous les curieux que ce sujet int\u00e9resse autant que moi !! J\u2019ai d\u00e9couvert la f\u00eate du Wesak sur Internet il y a d\u00e9j\u00e0 quelques ann\u00e9es, \u00e0 un moment de ma vie o\u00f9 je me suis ouverte aux \u00e9nergies du monde et o\u00f9 j\u2019ai cr\u00e9\u00e9 mon tout premier blog, maintenant ferm\u00e9 (2007). [&hellip;]<\/p>\n","protected":false},"author":1,"featured_media":0,"parent":0,"menu_order":0,"comment_status":"closed","ping_status":"closed","template":"","meta":[],"_links":{"self":[{"href":"http:\/\/annerouch.fr\/index.php\/wp-json\/wp\/v2\/pages\/3686"}],"collection":[{"href":"http:\/\/annerouch.fr\/index.php\/wp-json\/wp\/v2\/pages"}],"about":[{"href":"http:\/\/annerouch.fr\/index.php\/wp-json\/wp\/v2\/types\/page"}],"author":[{"embeddable":true,"href":"http:\/\/annerouch.fr\/index.php\/wp-json\/wp\/v2\/users\/1"}],"replies":[{"embeddable":true,"href":"http:\/\/annerouch.fr\/index.php\/wp-json\/wp\/v2\/comments?post=3686"}],"version-history":[{"count":4,"href":"http:\/\/annerouch.fr\/index.php\/wp-json\/wp\/v2\/pages\/3686\/revisions"}],"predecessor-version":[{"id":3691,"href":"http:\/\/annerouch.fr\/index.php\/wp-json\/wp\/v2\/pages\/3686\/revisions\/3691"}],"wp:attachment":[{"href":"http:\/\/annerouch.fr\/index.php\/wp-json\/wp\/v2\/media?parent=3686"}],"curies":[{"name":"wp","href":"https:\/\/api.w.org\/{rel}","templated":true}]}}