{"id":3504,"date":"2020-12-25T16:16:54","date_gmt":"2020-12-25T15:16:54","guid":{"rendered":"http:\/\/annerouch.fr\/?page_id=3504"},"modified":"2022-11-08T08:56:51","modified_gmt":"2022-11-08T07:56:51","slug":"pratique-liberation-obligations-fetes","status":"publish","type":"page","link":"http:\/\/annerouch.fr\/index.php\/pratique-liberation-obligations-fetes\/","title":{"rendered":"Pratique lib\u00e9ration obligations F\u00eates"},"content":{"rendered":"<h1><span style=\"color: #a813a8;\"><strong>Comment aller vers Soi, tout en respectant les autres ?<\/strong><\/span><\/h1>\r\n<h2><strong><span style=\"color: #a813a8;\">Beaucoup ne connectent plus avec les \u00e9ternelles obligations des F\u00eates, et ont envie de sortir de ce syst\u00e8me de fonctionnement.<\/span><\/strong>\r\n<span style=\"color: #ff00ff;\"><strong>C'est vraiment l'\u00e9nergie qui est l\u00e0, dans les changements subtils en cours, qui entrent dans le c\u0153ur\u00a0de chacun et nous reconnectent \u00e0 nous m\u00eame.<\/strong><\/span><\/h2>\r\n<h2><strong><span style=\"color: #a813a8;\">Une opportunit\u00e9 de se respecter totalement, tout en respectant aussi les choix des autres. Car ce n'est\u00a0pas incompatible\u00a0\ud83d\ude42\u00a0<\/span><\/strong><\/h2>\r\n<div style=\"width: 714px;\" class=\"wp-video\"><!--[if lt IE 9]><script>document.createElement('video');<\/script><![endif]-->\n<video class=\"wp-video-shortcode\" id=\"video-3504-1\" width=\"714\" height=\"401\" preload=\"metadata\" controls=\"controls\"><source type=\"video\/mp4\" src=\"http:\/\/annerouch.fr\/wp-content\/uploads\/2020\/12\/stopper-obligations.mp4?_=1\" \/><a href=\"http:\/\/annerouch.fr\/wp-content\/uploads\/2020\/12\/stopper-obligations.mp4\">http:\/\/annerouch.fr\/wp-content\/uploads\/2020\/12\/stopper-obligations.mp4<\/a><\/video><\/div>\r\n\r\n&nbsp;","protected":false},"excerpt":{"rendered":"<p>Comment aller vers Soi, tout en respectant les autres ? Beaucoup ne connectent plus avec les \u00e9ternelles obligations des F\u00eates, et ont envie de sortir de ce syst\u00e8me de fonctionnement. C&#8217;est vraiment l&#8217;\u00e9nergie qui est l\u00e0, dans les changements subtils en cours, qui entrent dans le c\u0153ur\u00a0de chacun et nous reconnectent \u00e0 nous m\u00eame. Une [&hellip;]<\/p>\n","protected":false},"author":1,"featured_media":0,"parent":0,"menu_order":0,"comment_status":"closed","ping_status":"closed","template":"","meta":[],"_links":{"self":[{"href":"http:\/\/annerouch.fr\/index.php\/wp-json\/wp\/v2\/pages\/3504"}],"collection":[{"href":"http:\/\/annerouch.fr\/index.php\/wp-json\/wp\/v2\/pages"}],"about":[{"href":"http:\/\/annerouch.fr\/index.php\/wp-json\/wp\/v2\/types\/page"}],"author":[{"embeddable":true,"href":"http:\/\/annerouch.fr\/index.php\/wp-json\/wp\/v2\/users\/1"}],"replies":[{"embeddable":true,"href":"http:\/\/annerouch.fr\/index.php\/wp-json\/wp\/v2\/comments?post=3504"}],"version-history":[{"count":5,"href":"http:\/\/annerouch.fr\/index.php\/wp-json\/wp\/v2\/pages\/3504\/revisions"}],"predecessor-version":[{"id":3949,"href":"http:\/\/annerouch.fr\/index.php\/wp-json\/wp\/v2\/pages\/3504\/revisions\/3949"}],"wp:attachment":[{"href":"http:\/\/annerouch.fr\/index.php\/wp-json\/wp\/v2\/media?parent=3504"}],"curies":[{"name":"wp","href":"https:\/\/api.w.org\/{rel}","templated":true}]}}