{"id":3166,"date":"2019-03-30T19:38:02","date_gmt":"2019-03-30T18:38:02","guid":{"rendered":"http:\/\/annerouch.fr\/?page_id=3166"},"modified":"2023-04-22T14:29:37","modified_gmt":"2023-04-22T13:29:37","slug":"ancrage-naissance-energetique","status":"publish","type":"page","link":"http:\/\/annerouch.fr\/index.php\/ancrage-naissance-energetique\/","title":{"rendered":"Ancrage &#038; Naissance \u00c9nerg\u00e9tique"},"content":{"rendered":"<h1 style=\"text-align: center;\">\u00a0<span style=\"color: #ff00ff;\"><strong>La NAISSANCE, c'est un processus important !<\/strong><\/span><\/h1>\r\n<h2 style=\"text-align: center;\"><span style=\"color: #ff6600;\"><span style=\"color: #db0b99;\"><strong>\u00a0<\/strong><\/span><strong><span style=\"color: #db0b99;\">\"L'\u00e2me, c'est une petite bougie lumineuse et brillante, issue de la Grande flamme Divine, du grand Tout, de la Source Lumi\u00e8re.\"<\/span>\r\n<img class=\"alignnone wp-image-3634\" src=\"http:\/\/annerouch.fr\/wp-content\/uploads\/2019\/03\/recevoir-300x141.jpg\" alt=\"recevoir\" width=\"517\" height=\"243\" \/>\r\n<\/strong><\/span><\/h2>\r\n<h2><span style=\"color: #db0b99;\"><strong>Par un processus tr\u00e8s subtil et divin, l'\u00e2me incorpore le corps du nouveau n\u00e9, cr\u00e9ant un lien invisible \u00e9nerg\u00e9tique, la Corde d'argent,\u00a0ce lien suivra la personne jusqu'\u00e0 la mort du corps physique.<\/strong><\/span><\/h2>\r\n&nbsp;\r\n<h1 style=\"text-align: center;\"><span style=\"text-decoration: underline; color: #7508d4;\"><strong>Comprendre le processus de la naissance \u00e9nerg\u00e9tique.<\/strong><strong>\u00a0<\/strong><\/span><\/h1>\r\n<h2><img class=\"wp-image-3273 alignright\" src=\"http:\/\/annerouch.fr\/wp-content\/uploads\/2019\/03\/atome-physique.jpg\" alt=\"atome physique\" width=\"186\" height=\"277\" \/><span style=\"color: #7508d4;\"><strong>C'est un peu comme une personne <em>(l'\u00e2me),<\/em> d\u00e9cide d'entrer dans une voiture <em>(le corps physique)<\/em>, pour se laisser conduire sur le chemin de la vie !\u00a0\u00a0 Chercher \u00e0 s\u2019ancrer sans \u00eatre n\u00e9 \u00e9nergiquement, c\u2019est comme construire une maison sans fondation, au premier coup de vent tout s\u2019\u00e9croule.<\/strong><\/span><\/h2>\r\n<h2><span style=\"text-decoration: underline; color: #d90d8e;\"><strong>DES SYMPT\u00d4MES CARACT\u00c9RISTIQUES\u00a0 ?<\/strong><\/span><\/h2>\r\n<h2><span style=\"color: #bf0b7d;\"><strong>Vous \u00eates une personne hyper sensible, ayant une spiritualit\u00e9 d\u00e9velopp\u00e9e,<\/strong><\/span><\/h2>\r\n<ul>\r\n \t<li>\r\n<h2><span style=\"color: #bf0b7d;\"><strong>Votre voix est plut\u00f4t fluette et claire,<\/strong><\/span><\/h2>\r\n<\/li>\r\n \t<li>\r\n<h2><span style=\"color: #bf0b7d;\"><strong>Vous tr\u00e9buchez souvent, et avez l'impression de \"flotter\" parfois ou souvent ?<\/strong><\/span><\/h2>\r\n<\/li>\r\n<\/ul>\r\n<h2 style=\"text-align: center;\"><\/h2>","protected":false},"excerpt":{"rendered":"<p>\u00a0La NAISSANCE, c&#8217;est un processus important ! \u00a0&#8220;L&#8217;\u00e2me, c&#8217;est une petite bougie lumineuse et brillante, issue de la Grande flamme Divine, du grand Tout, de la Source Lumi\u00e8re.&#8221; Par un processus tr\u00e8s subtil et divin, l&#8217;\u00e2me incorpore le corps du nouveau n\u00e9, cr\u00e9ant un lien invisible \u00e9nerg\u00e9tique, la Corde d&#8217;argent,\u00a0ce lien suivra la personne jusqu&#8217;\u00e0 [&hellip;]<\/p>\n","protected":false},"author":1,"featured_media":0,"parent":0,"menu_order":0,"comment_status":"closed","ping_status":"closed","template":"","meta":[],"_links":{"self":[{"href":"http:\/\/annerouch.fr\/index.php\/wp-json\/wp\/v2\/pages\/3166"}],"collection":[{"href":"http:\/\/annerouch.fr\/index.php\/wp-json\/wp\/v2\/pages"}],"about":[{"href":"http:\/\/annerouch.fr\/index.php\/wp-json\/wp\/v2\/types\/page"}],"author":[{"embeddable":true,"href":"http:\/\/annerouch.fr\/index.php\/wp-json\/wp\/v2\/users\/1"}],"replies":[{"embeddable":true,"href":"http:\/\/annerouch.fr\/index.php\/wp-json\/wp\/v2\/comments?post=3166"}],"version-history":[{"count":25,"href":"http:\/\/annerouch.fr\/index.php\/wp-json\/wp\/v2\/pages\/3166\/revisions"}],"predecessor-version":[{"id":4261,"href":"http:\/\/annerouch.fr\/index.php\/wp-json\/wp\/v2\/pages\/3166\/revisions\/4261"}],"wp:attachment":[{"href":"http:\/\/annerouch.fr\/index.php\/wp-json\/wp\/v2\/media?parent=3166"}],"curies":[{"name":"wp","href":"https:\/\/api.w.org\/{rel}","templated":true}]}}