{"id":2973,"date":"2018-07-02T09:49:01","date_gmt":"2018-07-02T08:49:01","guid":{"rendered":"http:\/\/annerouch.fr\/?page_id=2973"},"modified":"2023-03-10T18:57:45","modified_gmt":"2023-03-10T17:57:45","slug":"inconfort-dans-le-couple-lancrage-essentiel-en-ces-moments-de-changements","status":"publish","type":"page","link":"http:\/\/annerouch.fr\/index.php\/inconfort-dans-le-couple-lancrage-essentiel-en-ces-moments-de-changements\/","title":{"rendered":"Inconfort dans le Couple"},"content":{"rendered":"<h1><span style=\"color: #800080;\"><strong>Les malaises dans les relations de couple, sont souvent dus au manque de communication r\u00e9elle, enti\u00e8re, int\u00e8gres, entre les personnes concern\u00e9es.<\/strong><\/span><\/h1>\r\n<h2><span style=\"color: #800080;\"><strong>En effet lorsque l'un ou l'autre s'est acquitt\u00e9 de ses obligations, que ce soit son travail gagne pain, ou les enfants, ou la maison, bref tout ce qui doit \u00eatre fait dans la journ\u00e9e, et qui est plus ou moins fatiguant, qui prend de l'\u00e9nergie au corps, et \u00e0 l'esprit parfois,\u00a0 il est important que les deux entit\u00e9s du couple \"<em>\u00e9changent\u00a0de l'\u00e9nergie consciente positive, pur don d'amour\",\u00a0<\/em> l'un\u00a0pour\u00a0l'autre.<\/strong><\/span><\/h2>\r\n<h2><span style=\"color: #800080;\"><strong>Ce qui n'est souvent pas le cas h\u00e9las, car qui sait r\u00e9ellement ce que veut dire : \"Se donner de l'\u00e9nergie\" ?\r\n<\/strong><strong>Lorsque je suis fatigu\u00e9(e) par ma journ\u00e9e, que je sois homme ou femme, fatigu\u00e9(e) par du stress, par des manques, j'ai le besoin de me ressourcer !\r\n<\/strong><strong>Les fa\u00e7ons de me ressourcer sont diverses selon les personnes.\r\n<\/strong><strong>Pour certaines, ce sera un bon bain aux huiles essentielles parfum\u00e9es, cela ne demande pas forc\u00e9ment l'aide de quelqu'un et peut se faire en solitaire.<\/strong><\/span><\/h2>\r\n<h2><span style=\"color: #800080;\"><strong>Les actes ressources en solitaires peuvent \u00eatre :<\/strong><\/span><\/h2>\r\n<ul>\r\n \t<li>\r\n<h2><span style=\"color: #800080;\"><strong>Les balades au soleil en campagne au calme, cela remet nos \u00e9nergies en mouvement, cela recentre notre \u00eatre profond, et aligne nos \u00e9nergies terre\/ciel ou M\u00e8re\/P\u00e8re.<\/strong><\/span><\/h2>\r\n<\/li>\r\n \t<li>\r\n<h2><span style=\"color: #800080;\"><strong>Un bon bain parfum\u00e9, des sels de bains ressour\u00e7ant aux plantes, le corps est tr\u00e8s sensible aux soins par les plantes, l'ancrage \u00e0 la terre M\u00e8re Ga\u00efa <em>ou<\/em> Macha Mama, \u00e9tant tr\u00e8s important en ces temps vibratoirement forts, qui vont s'accentuer, d'o\u00f9 l'importance de ne plus n\u00e9gliger ces \"soins\" qui agissent par notre pens\u00e9e intention, au niveau quantique sur notre \u00eatre, et rejaillisse au niveau de notre incarnation terrestre.<\/strong><\/span><\/h2>\r\n<\/li>\r\n \t<li>\r\n<h2><span style=\"color: #800080;\"><strong>\u00c9couter une musique qui nous plait,<\/strong><\/span><\/h2>\r\n<\/li>\r\n<\/ul>\r\n<h2><span style=\"color: #800080;\"><strong>Il y a des \u00e9nergies ressour\u00e7antes dans le couple.\u00a0 Faire quelque chose \u00e0 deux, peut ressourcer lorsque les deux personnes ont conscience de leur intention de s'amener du bien \u00eatre, du bonheur, du rire et de la joie.\r\n<\/strong><strong>Lorsque l'on est avec une personne qui nous ressource, cela se sent ! On ressent l'attention de la personne, et on lui rend en retour de l'attention, ce qui cr\u00e9e une ambiance tangible de douceur, d'amour.\r\n<\/strong><strong>On se met \u00e0 parler et on sent un calme, une joie int\u00e9rieure, ou une envie de rire, un bien \u00eatre grandit \u00e0 mesure que l'on c\u00f4toie la personne.<\/strong><\/span><\/h2>\r\n<h2><span style=\"color: #800080;\"><strong>Il y a des \u00e9changes \u00e9nerg\u00e9tiques, c'est l\u00e0 que les esprits, les corps \u00e9nerg\u00e9tiques et physiques se ressourcent, se nourrissent au niveau quantique, c'est fantastique\u00a0!<\/strong><\/span><\/h2>\r\n<h2><span style=\"color: #800080;\"><strong>Le probl\u00e8me, c'est que souvent, ces \u00e9changes l\u00e0 sont compl\u00e8tement absents.\r\n<\/strong><strong>Apr\u00e8s e ressourcement l\u00e0 dedans ? Il n'y en a pas, mais en plus, ce genre de pratique et d'habitude quotidienne, vide et fatigue le corps, et les corps \u00e9nerg\u00e9tiques s'en trouvent \u00e9puis\u00e9s \u00e9galement.<\/strong><\/span><\/h2>\r\n<h2><span style=\"color: #800080;\"><strong>apr\u00e8s\u00a0<\/strong><\/span><strong style=\"color: #800080;\">une dure journ\u00e9e, on s'affale devant la t\u00e9l\u00e9vision, subit le bruit de la pub sans broncher,\u00a0puis les informations n\u00e9gatives, puis arrive le film du soir, un policier violent souvent, qui nous mart\u00e8le la t\u00eate avec des paroles stressantes.<\/strong><\/h2>\r\n<h2><span style=\"color: #800080;\"><strong>O\u00f9 est le cou<\/strong><strong>ple ici ???\u00a0 Dans ces conditions, il n'y a plus\u00a0de couple, c'est un duo vide !\r\n<\/strong><strong>La vie \u00e0 deux peut \u00eatre une intelligente symbiose entre la conscience de rendre l'autre heureux tout en partageant sa vie avec ses hauts et ses bas.\r\n<\/strong><strong>Pour \u00eatre heureux, la nourriture\u00a0\u00e9nerg\u00e9tique est importante.<\/strong><\/span><\/h2>\r\n--------------------------\r\n<h1 class=\"gmail_default\"><\/h1>","protected":false},"excerpt":{"rendered":"<p>Les malaises dans les relations de couple, sont souvent dus au manque de communication r\u00e9elle, enti\u00e8re, int\u00e8gres, entre les personnes concern\u00e9es. En effet lorsque l&#8217;un ou l&#8217;autre s&#8217;est acquitt\u00e9 de ses obligations, que ce soit son travail gagne pain, ou les enfants, ou la maison, bref tout ce qui doit \u00eatre fait dans la journ\u00e9e, [&hellip;]<\/p>\n","protected":false},"author":1,"featured_media":0,"parent":0,"menu_order":0,"comment_status":"closed","ping_status":"closed","template":"","meta":[],"_links":{"self":[{"href":"http:\/\/annerouch.fr\/index.php\/wp-json\/wp\/v2\/pages\/2973"}],"collection":[{"href":"http:\/\/annerouch.fr\/index.php\/wp-json\/wp\/v2\/pages"}],"about":[{"href":"http:\/\/annerouch.fr\/index.php\/wp-json\/wp\/v2\/types\/page"}],"author":[{"embeddable":true,"href":"http:\/\/annerouch.fr\/index.php\/wp-json\/wp\/v2\/users\/1"}],"replies":[{"embeddable":true,"href":"http:\/\/annerouch.fr\/index.php\/wp-json\/wp\/v2\/comments?post=2973"}],"version-history":[{"count":10,"href":"http:\/\/annerouch.fr\/index.php\/wp-json\/wp\/v2\/pages\/2973\/revisions"}],"predecessor-version":[{"id":4167,"href":"http:\/\/annerouch.fr\/index.php\/wp-json\/wp\/v2\/pages\/2973\/revisions\/4167"}],"wp:attachment":[{"href":"http:\/\/annerouch.fr\/index.php\/wp-json\/wp\/v2\/media?parent=2973"}],"curies":[{"name":"wp","href":"https:\/\/api.w.org\/{rel}","templated":true}]}}