{"id":2818,"date":"2018-03-22T17:48:11","date_gmt":"2018-03-22T16:48:11","guid":{"rendered":"http:\/\/annerouch.fr\/?page_id=2818"},"modified":"2024-01-28T08:51:06","modified_gmt":"2024-01-28T07:51:06","slug":"changements-concrets-des-vibrations-actuelles","status":"publish","type":"page","link":"http:\/\/annerouch.fr\/index.php\/changements-concrets-des-vibrations-actuelles\/","title":{"rendered":"Lien Laura Marie Harmonic universel &#8211; Reconnexion \u00e0 notre \u00e2me"},"content":{"rendered":"<div style=\"width: 714px;\" class=\"wp-video\"><!--[if lt IE 9]><script>document.createElement('video');<\/script><![endif]-->\n<video class=\"wp-video-shortcode\" id=\"video-2818-1\" width=\"714\" height=\"402\" loop=\"1\" autoplay=\"1\" preload=\"metadata\" controls=\"controls\"><source type=\"video\/mp4\" src=\"http:\/\/annerouch.fr\/wp-content\/uploads\/2018\/03\/Paradis-.mp4?_=1\" \/><a href=\"http:\/\/annerouch.fr\/wp-content\/uploads\/2018\/03\/Paradis-.mp4\">http:\/\/annerouch.fr\/wp-content\/uploads\/2018\/03\/Paradis-.mp4<\/a><\/video><\/div>\r\n<h2 class=\"gmail_default\"><\/h2>\r\n<h1 class=\"gmail_default\"><span style=\"color: #800080;\"><strong>Reconnexion\u00a0 au moi sup\u00e9rieur - par Ionia<\/strong><\/span><\/h1>\r\n<h2><span style=\"color: #3366ff;\"><strong>Lorsque j'\u00e9tais enfant, je me sentais tr\u00e8s diff\u00e9rente des autres, je ne me sentais pas connect\u00e9 aux m\u00eames jeux, aux m\u00eames centres d'int\u00e9r\u00eat que les autres enfants.<\/strong><\/span><\/h2>\r\n<h2><span style=\"color: #3366ff;\"><strong>J'\u00e9tais solitaire, j'observais beaucoup les autres, et je pouvais ressentir <em>leurs \u00e9motions<\/em>, les vibrations de ce qu'ils pouvaient ressentir, je pensais que tout le monde vivait cela, mais tr\u00e8s vite, face aux r\u00e9actions des autres enfants et des adultes, mes parents, mes enseignants, j'ai vu qu'il y avait quelque chose qui \u00e9tait propre \u00e0 mon fonctionnement, et que les autres ne percevaient pas de la m\u00eame mani\u00e8re !<\/strong><\/span><\/h2>\r\n<h2><span style=\"color: #ffff00;\">****************************************<\/span><\/h2>\r\n<h2><span style=\"color: #ff6600;\"><strong><a href=\"https:\/\/harmonicuniverse.academy\/a-propos\/laura-marie-a-propos\/58-laura-marie-a-propos\">Laura Marie<\/a> d\u00e9crit tr\u00e8s bien la conscience des Starseeds ou Indigos, pr\u00e9sents ici bas pour remettre \u00e0 jour les croyances que les humains subissent, enlever leurs lunettes noires pos\u00e9es en permanence sur leurs yeux, et \u00e9clairer leur conscience en leur r\u00e9 apprenant QUI ils sont vraiment, des \u00eatres lumineux et aimants !\u00a0<\/strong><\/span><span style=\"color: #800080;\"><strong>Cet \"\u00e9tat\" a toujours \u00e9t\u00e9 l\u00e0, avec d'autres \u00e9tats, car cela fait partie de la diversit\u00e9 des vibrations que le Divin vibre sur la terre, pour que la conscience \u00e9volue sans cesse.<\/strong><\/span><\/h2>\r\n<h2><span style=\"color: #333399;\"><strong>Des civilisations venues d'ailleurs, et cela est connu depuis longtemps par les dirigeants anciens et actuels, relev\u00e9 \u00a0par les documents laiss\u00e9s dans des dossiers class\u00e9s TOP SECRET par la CIA, qui racontent les exp\u00e9riences v\u00e9cus par par exemple, des pilotes de ligne qui ont \u00e9t\u00e9 suivis par un O V N I, ou objet volant non identifi\u00e9, dont ils ont reconnus qu'il ne faisait pas parti d'avion et d'engins connus.\u00a0 En 2016, \u00a0des hommes politiques savent qu'il y a des contacts avec des \u00eatres, qui regroupent parmi eux \u00a0des \u00eatres\u00a0 \u00e9tant dans l'Amour, et venant aider ceux de la terre qui d\u00e9sirent monter les fr\u00e9quences d'amour ici bas, ces \u00eatres sont l\u00e0 et ne demandent qu'\u00e0 \u00eatre \"appel\u00e9s\" en fr\u00e9quences, pour reconnecter et aider ceux qui veulent ancrer les hautes fr\u00e9quences d'harmonie, d'amour et de paix, et les changements de conscience, en reconnectant les \u00eatres de la terre \u00e0 leur soi sup\u00e9rieur, \u00e0 leur lumi\u00e8re et leur source.<\/strong><\/span><\/h2>\r\n<h2><span style=\"color: #333399;\"><strong>Parmi ces \u00eatres venus de l'espace, il y a ceux qui n'ont pas de connexion du c\u0153ur, et qui ne ressentent donc pas d'\u00e9motion, ceux l\u00e0 veulent juste prendre le pouvoir et laisser les \u00eatres de la terre dans l'ignorance, pour les assujettir, les laisser dans l'esclavage de la vie qui leur semble impos\u00e9e, les soumettre \u00e0 de nouvelles technologies, invent\u00e9es pour les garder d\u00e9connect\u00e9s de leur vrai lumi\u00e8re, en tronquant sans cesse leur r\u00e9alit\u00e9, le nucl\u00e9aire en fait partie, le fait de tuer des milliers d'animaux chaque jour pour les manger en fait partie, le fait d'apprendre \u00e0 l'\u00e9cole des choses totalement inutiles, et ne servant absolument pas \u00e0 la lib\u00e9ration et l'ancrage de l'amour sur la terre.<\/strong><\/span><\/h2>\r\n<h2><span style=\"color: #800080;\"><strong>A l'\u00e9cole, pourquoi apprendre depuis des ann\u00e9es dans le programme mis en place et obligatoire, les dates des anciennes guerres, retenir le nom de leur chef, comment fait on pour ne pas voir cette supercherie, et mieux encore, l'entretenir avec des jeux t\u00e9l\u00e9vis\u00e9s, ou des jeux tout court, les nouveaux jeux virtuels, dont les prix d\u00e9passent l'entendement, et dont l'argent nourrit ces cr\u00e9ateurs, c'est acheter le b\u00e2ton qui nous bastonne l'\u00e2me !\r\n<span style=\"color: #bd13bd;\">A ce jour en 2023, sont r\u00e9v\u00e9l\u00e9s des prises de consciences notoires tr\u00e8s importantes, sur multiples sujet de la terre.<\/span>\r\n<span style=\"color: #bd13bd;\">Des hommes ayant \u00e9t\u00e9 form\u00e9s dans les ann\u00e9es 60 dans des \u00e9coles agronomiques formant la plupart des agriculteurs,\u00a0 ont r\u00e9v\u00e9l\u00e9s dans une \u00e9mission France 5 que dans leur formation \u00e9tait enseign\u00e9 <span style=\"color: #ba1133;\">\"comment \u00e9pandre les pesticides pour \u00e9radiquer tous les pr\u00e9dateurs, et produire de la production intensive r\u00e9ussie\"<\/span>.\r\n<span style=\"text-decoration: underline;\"><span style=\"color: #ba1133; text-decoration: underline;\">Ces hommes et ces femmes ont pour beaucoup, pris conscience de la destruction massive des sols de notre Terre, et surtout du grave danger pour la sant\u00e9 humaine, la leur et celle de leurs fr\u00e8res humains. Cela s'appelle des prises de conscience de la tromperie humaine, dans les \"FORMATIONS LAMBDA\" manipulant totalement l'esprit humain.<\/span><\/span><\/span><\/strong><\/span><\/h2>\r\n<h2><span style=\"color: #800080;\"><strong>Ils ont d\u00e9cid\u00e9 par eux m\u00eame de dire STOP \u00e0 tout \u00e7a, et de se reconvertir en agriculture biologique et bio dynamique.\r\nCe monde doit changer,\u00a0l'ancien pollu\u00e9 et manipul\u00e9 est en train de s'effondrer \u00e0 grande vitesse.<\/strong><\/span><\/h2>\r\n<h2><span style=\"color: #800080;\"><strong>Les nouveaux enfants ne connectent plus \u00e0 ces \u00e9tudes de \"mort\", car ils savent et sentent que cela ne les aide pas \u00e0 grandir, ni \u00e0 aider son prochain dans l'harmonie sur notre Terre !<\/strong><\/span><\/h2>\r\n<h2><span style=\"color: #333399;\"><strong>Apprendre \u00e0 bien se nourrir, apprendre des m\u00e9thodes de soins \u00e9nerg\u00e9tiques, apprendre \u00e0 construire, \u00e0 aimer, \u00e0 b\u00e2tir\u00a0des ponts, et non pas des murs, c'est la le d\u00e9sir des \u00eatres maintenant !\u00a0<\/strong><\/span><\/h2>\r\n<h2><span style=\"color: #333399;\"><strong>Aider les \u00eatres \u00e0 retrouver leur\u00a0multidimensionnalit\u00e9,\u00a0\u00a0aider les \u00e2mes terrestres \u00e0 se reconnecter\u00a0\u00e0 leur source lumi\u00e8re, et reconnecter leur ADN \u00e0 la source pure, afin de retrouver la m\u00e9moire de la source la plus pure vibratoirement !<\/strong><\/span><\/h2>\r\n<h2><span style=\"color: #333399;\"><strong>Pour \u00e9couter Laura Marie, conscience indigo : clic sur les liens ci dessous.<\/strong><\/span><\/h2>\r\n<h2 style=\"text-align: center;\"><a href=\"https:\/\/harmonicuniverse.academy\"><span style=\"color: #800080;\"><strong>Laura Marie -\u00a0Harmonic Universel<\/strong><\/span><\/a><\/h2>\r\n<h3 style=\"text-align: center;\"><img class=\"aligncenter\" src=\"https:\/\/harmonicuniverse.academy\/images\/LauraMarieAvatarHome_HUA.jpg\" width=\"389\" height=\"486\" \/>\u00a0\u00a0<strong>Laura Marie<\/strong><\/h3>\r\n<h1><\/h1>","protected":false},"excerpt":{"rendered":"<p>Reconnexion\u00a0 au moi sup\u00e9rieur &#8211; par Ionia Lorsque j&#8217;\u00e9tais enfant, je me sentais tr\u00e8s diff\u00e9rente des autres, je ne me sentais pas connect\u00e9 aux m\u00eames jeux, aux m\u00eames centres d&#8217;int\u00e9r\u00eat que les autres enfants. J&#8217;\u00e9tais solitaire, j&#8217;observais beaucoup les autres, et je pouvais ressentir leurs \u00e9motions, les vibrations de ce qu&#8217;ils pouvaient ressentir, je pensais [&hellip;]<\/p>\n","protected":false},"author":1,"featured_media":0,"parent":0,"menu_order":0,"comment_status":"closed","ping_status":"closed","template":"","meta":[],"_links":{"self":[{"href":"http:\/\/annerouch.fr\/index.php\/wp-json\/wp\/v2\/pages\/2818"}],"collection":[{"href":"http:\/\/annerouch.fr\/index.php\/wp-json\/wp\/v2\/pages"}],"about":[{"href":"http:\/\/annerouch.fr\/index.php\/wp-json\/wp\/v2\/types\/page"}],"author":[{"embeddable":true,"href":"http:\/\/annerouch.fr\/index.php\/wp-json\/wp\/v2\/users\/1"}],"replies":[{"embeddable":true,"href":"http:\/\/annerouch.fr\/index.php\/wp-json\/wp\/v2\/comments?post=2818"}],"version-history":[{"count":30,"href":"http:\/\/annerouch.fr\/index.php\/wp-json\/wp\/v2\/pages\/2818\/revisions"}],"predecessor-version":[{"id":4362,"href":"http:\/\/annerouch.fr\/index.php\/wp-json\/wp\/v2\/pages\/2818\/revisions\/4362"}],"wp:attachment":[{"href":"http:\/\/annerouch.fr\/index.php\/wp-json\/wp\/v2\/media?parent=2818"}],"curies":[{"name":"wp","href":"https:\/\/api.w.org\/{rel}","templated":true}]}}