{"id":1341,"date":"2016-08-30T10:49:16","date_gmt":"2016-08-30T09:49:16","guid":{"rendered":"http:\/\/annerouch.fr\/?page_id=1341"},"modified":"2024-03-27T18:55:35","modified_gmt":"2024-03-27T17:55:35","slug":"emmanuel-ferran-energeticien","status":"publish","type":"page","link":"http:\/\/annerouch.fr\/index.php\/emmanuel-ferran-energeticien\/","title":{"rendered":"Lib\u00e9ration en lien avec vos m\u00e9moires karmiques"},"content":{"rendered":"<!--[if lt IE 9]><script>document.createElement('audio');<\/script><![endif]-->\n<audio class=\"wp-audio-shortcode\" id=\"audio-1341-1\" autoplay=\"1\" preload=\"none\" style=\"width: 100%;\" controls=\"controls\"><source type=\"audio\/mpeg\" src=\"http:\/\/annerouch.fr\/wp-content\/uploads\/2016\/08\/cosmic-glow-6703.mp3?_=1\" \/><a href=\"http:\/\/annerouch.fr\/wp-content\/uploads\/2016\/08\/cosmic-glow-6703.mp3\">http:\/\/annerouch.fr\/wp-content\/uploads\/2016\/08\/cosmic-glow-6703.mp3<\/a><\/audio>\r\n<h2 style=\"text-align: center;\"><\/h2>\r\n<h2 style=\"text-align: center;\"><span style=\"color: #800080;\"><strong>D'o\u00f9 vient cette lassitude ?\r\nCette fatigue est actuelle et ressentie par beaucoup de gens.\r\n<\/strong><strong>Comment retrouver la joie concr\u00e8te de vivre, comment se retrouver\u00a0soi\u00a0et mettre \u00e0 jour nos propres valeurs ?<\/strong><\/span><\/h2>\r\n<h3><span style=\"color: #333399;\"><strong>Vous vivez des situations r\u00e9currentes, et cela vous emp\u00eachent d'avancer ?\r\n<\/strong><span style=\"color: #800080;\"><strong>La l\u00e9gitimit\u00e9 de revenir \u00e0 son essence v\u00e9ritable, incombe \u00e0 celui qui sent qu'il est temps de changer aujourd'hui\u2026\u2026afin de revenir vers lui, et aller vers l'ouverture de son c\u0153ur, enfin !<\/strong><\/span><\/span><\/h3>\r\n<h3><span style=\"color: #333399;\"><strong>La vie est une grande pi\u00e8ce de th\u00e9\u00e2tre o\u00f9 tout est montr\u00e9 comme des projections, des petits films appel\u00e9s <span style=\"color: #ff6600;\">\"<em>hologrammes<\/em>\".<\/span><\/strong><\/span><\/h3>\r\n<h3><span style=\"color: #333399;\"><strong>Les \u00e9nergies sont actuellement d\u00e9cupl\u00e9es sur la plan\u00e8te, cela impacte beaucoup de personnes tr\u00e8s fortement.<\/strong><\/span><\/h3>\r\n<h3><span style=\"color: #333399;\"><strong>Vous ressentez l'urgence, de r\u00e9soudre des blocages de vie r\u00e9currentes, en relation avec ceux qui vous entourent, les parents, conjoints, enfants, coll\u00e8gues de travail.\u00a0<\/strong><\/span><span style=\"color: #333399;\"><strong>Vous ressentez des angoisses, comme des \"remont\u00e9es\" d'un pass\u00e9 lointain venu d'on ne sait o\u00f9 !<\/strong><\/span><\/h3>\r\n<h3><span style=\"color: #ff6600;\"><strong>Cela commence par des mal \u00eatres qui \"remontent\" par des situations particuli\u00e8res, lorsque l'on est en contact avec certaines personnes qui nous rendent mal \u00e0 l'aise et ont souvent des comportements castrateurs et rabaissant.<\/strong><\/span><\/h3>\r\n<h3><span style=\"color: #ff6600;\"><strong>Notre \u00e9quilibre int\u00e9rieur en est affect\u00e9 profond\u00e9ment, et cela maintient en nous le manque de confiance en soi, car des \u00e9motions li\u00e9es \u00e0 notre enfant int\u00e9rieur, \u00e0 nos diff\u00e9rentes blessures comme l\u2019abandon ou le rejet, remontent alors.<\/strong><\/span><\/h3>\r\n<h3><span style=\"color: #333399;\"><strong>Il arrive un moment o\u00f9 l\u2019on n\u2019accepte que ce qui apaise notre \u00e2me, et le chemin emprunt\u00e9 est juste l'accueil de nos blessures.\u00a0\u00a0<\/strong><\/span><span style=\"color: #333399;\"><strong>Nous voyons ce qui est, sans le fuir, c'est l\u00e0 tr\u00e8s lib\u00e9rateur.\r\n<\/strong><\/span><span style=\"color: #333399;\"><strong>M\u00eame si on se rend compte qu'il y a encore de gros blocages qui persistent et que l' on se pose les questions suivantes :<\/strong><\/span><\/h3>\r\n<ul>\r\n \t<li>\r\n<h3><span style=\"color: #333399;\"><strong>Mais que se passe-t-il encore ?<\/strong><\/span><\/h3>\r\n<\/li>\r\n \t<li>\r\n<h3><span style=\"color: #333399;\"><strong>Pourquoi telle ou telle situation n\u2019\u00e9volue-t-elle pas ?<\/strong><\/span><\/h3>\r\n<\/li>\r\n \t<li>\r\n<h3><span style=\"color: #333399;\"><strong>Pourquoi je vis encore un blocage alors que j'ai tant travaill\u00e9 ?<\/strong><\/span><\/h3>\r\n<\/li>\r\n<\/ul>\r\n<h3><span style=\"color: #333399;\"><strong>C'est souvent l\u00e0 que l'on comprend qu'il y a des causes plus profondes qui nourrissent tous ces blocages. Ces causes, ce sont souvent nos m\u00e9moires karmiques.<\/strong><\/span><\/h3>\r\n<h3><span style=\"color: #ff6600;\"><strong>Et en lib\u00e9rant vos m\u00e9moires karmiques, vous vous offrez de :<\/strong><\/span><\/h3>\r\n<ul>\r\n \t<li>\r\n<h3><span style=\"color: #333399;\"><strong>Vous r\u00e9aliser,<\/strong><\/span><\/h3>\r\n<\/li>\r\n \t<li>\r\n<h3><span style=\"color: #333399;\"><strong>Aider les autres,<\/strong><\/span><\/h3>\r\n<\/li>\r\n \t<li>\r\n<h3><span style=\"color: #333399;\"><strong>Manifester enfin votre vie,<\/strong><\/span><\/h3>\r\n<\/li>\r\n \t<li>\r\n<h3><span style=\"color: #333399;\"><strong>Manifester vos missions de vie, et devenir qui vous \u00eates vraiment.<\/strong><\/span><\/h3>\r\n<\/li>\r\n<\/ul>\r\n<h3><span style=\"color: #800080;\"><strong>Voici une m\u00e9thode, un outil concret que j'ai moi m\u00eame pratiqu\u00e9, qui va vous permettre de transmuter VOS m\u00e9moires, et de remettre du sens \u00e0 ce qui vous arrive, enfin !<\/strong><\/span><\/h3>\r\n<h3><span style=\"color: #333399;\"><strong>C'est gr\u00e2ce \u00e0 un \u00e9clairage tel une lampe torche cibl\u00e9e sur ce qui demande \u00e0 \u00eatre vu, que la mise en lumi\u00e8re consciente des m\u00e9canismes de d\u00e9fense se fait et <span style=\"color: #800080;\">vous vous offrez ainsi l\u2019opportunit\u00e9 d\u2019apporter des changements positifs concrets, sans \"bla bla\".<\/span><\/strong><\/span><\/h3>\r\n<h3><span style=\"color: #800080;\"><strong>Cette m\u00e9thode met en mouvement la loi universelle de la physique \"quantique\", elle agit \u00e0 travers des phrases simples d'injonctions verbales \u00e0 votre corps, en r\u00e9sonance avec les m\u00e9moires du corps, leur donnant une nouvelle information de \"lib\u00e9ration\" afin qu'elles puissent se d\u00e9loger tout naturellement de nos cellules, et sortir de l'enkystement.<\/strong><\/span><\/h3>\r\n<h3><span style=\"color: #333399;\"><strong>Il n'est pas utile de se rappeler quoique ce soit pour que cela marche, et ne rien ressentir apr\u00e8s un nettoyage ne veut pas dire qu'il ne s'est rien pass\u00e9, cela veut simplement dire que votre mental fait de la r\u00e9sistance, mais votre corps, lui, a entendu l'information, laissez lui le temps de l'int\u00e9grer.<\/strong><\/span><\/h3>\r\n<h3><span style=\"color: #800080;\"><strong>Il est possible de nettoyer des m\u00e9moires karmiques en lien avec tout type de situation.<\/strong><\/span><\/h3>\r\n<h3><span style=\"color: #808000;\"><strong>Voici un lien de la conf\u00e9rence, o\u00f9 vous allez exp\u00e9rimenter en direct, une pratique de lib\u00e9ration d'une m\u00e9moire karmique, en lien avec le manque de confiance en Soi.<\/strong><\/span><\/h3>\r\n<h2><a href=\"https:\/\/amerindienne--tala.thrivecart.com\/karma-libre-promo\/\"><strong><span style=\"color: #a200ff;\">https:\/\/amerindienne--tala.thrivecart.com\/karma-libre-promo\/<\/span><\/strong><\/a><\/h2>\r\n<h2 style=\"text-align: center;\"><span style=\"color: #800080;\"><strong>Rester en contact avec votre corps, il vous r\u00e9v\u00e8lera des secrets\u00a0<\/strong><\/span><\/h2>\r\n<h2 style=\"text-align: center;\"><span style=\"color: #800080;\"><strong>\"La lumi\u00e8re est au bout du chemin, prenez le chemin !\"<\/strong><\/span><\/h2>\r\n<h2><span style=\"color: #a200ff;\"><a style=\"color: #a200ff;\" href=\"https:\/\/amerindienne--tala.thrivecart.com\/karma-libre-promo\/\"><strong>https:\/\/amerindienne--tala.thrivecart.com\/karma-libre-promo\/<\/strong><\/a><\/span><\/h2>\r\n<h3>\u00a0<img class=\"wp-image-1406 aligncenter\" src=\"http:\/\/annerouch.fr\/wp-content\/uploads\/2016\/06\/coeur-300x277.png\" alt=\"coeur\" width=\"218\" height=\"201\" \/><\/h3>\r\n<h1 style=\"text-align: center;\"><img class=\"wp-image-1406 aligncenter\" src=\"http:\/\/annerouch.fr\/wp-content\/uploads\/2016\/06\/coeur-300x277.png\" alt=\"coeur\" width=\"165\" height=\"152\" \/><\/h1>\r\n<div id=\"attachment_3584\" style=\"width: 363px\" class=\"wp-caption aligncenter\"><img aria-describedby=\"caption-attachment-3584\" class=\" wp-image-3584\" src=\"http:\/\/annerouch.fr\/wp-content\/uploads\/2021\/02\/20170617_161643-169x300.jpg\" alt=\"Orbe guide\" width=\"353\" height=\"627\" \/><p id=\"caption-attachment-3584\" class=\"wp-caption-text\">Orbe guide<\/p><\/div>\r\n\r\n&nbsp;","protected":false},"excerpt":{"rendered":"<p>D&#8217;o\u00f9 vient cette lassitude ? Cette fatigue est actuelle et ressentie par beaucoup de gens. Comment retrouver la joie concr\u00e8te de vivre, comment se retrouver\u00a0soi\u00a0et mettre \u00e0 jour nos propres valeurs ? Vous vivez des situations r\u00e9currentes, et cela vous emp\u00eachent d&#8217;avancer ? La l\u00e9gitimit\u00e9 de revenir \u00e0 son essence v\u00e9ritable, incombe \u00e0 celui qui [&hellip;]<\/p>\n","protected":false},"author":1,"featured_media":0,"parent":0,"menu_order":0,"comment_status":"open","ping_status":"closed","template":"","meta":[],"_links":{"self":[{"href":"http:\/\/annerouch.fr\/index.php\/wp-json\/wp\/v2\/pages\/1341"}],"collection":[{"href":"http:\/\/annerouch.fr\/index.php\/wp-json\/wp\/v2\/pages"}],"about":[{"href":"http:\/\/annerouch.fr\/index.php\/wp-json\/wp\/v2\/types\/page"}],"author":[{"embeddable":true,"href":"http:\/\/annerouch.fr\/index.php\/wp-json\/wp\/v2\/users\/1"}],"replies":[{"embeddable":true,"href":"http:\/\/annerouch.fr\/index.php\/wp-json\/wp\/v2\/comments?post=1341"}],"version-history":[{"count":174,"href":"http:\/\/annerouch.fr\/index.php\/wp-json\/wp\/v2\/pages\/1341\/revisions"}],"predecessor-version":[{"id":4392,"href":"http:\/\/annerouch.fr\/index.php\/wp-json\/wp\/v2\/pages\/1341\/revisions\/4392"}],"wp:attachment":[{"href":"http:\/\/annerouch.fr\/index.php\/wp-json\/wp\/v2\/media?parent=1341"}],"curies":[{"name":"wp","href":"https:\/\/api.w.org\/{rel}","templated":true}]}}