{"id":330,"date":"2016-06-02T08:15:19","date_gmt":"2016-06-02T07:15:19","guid":{"rendered":"http:\/\/annerouch.fr\/wp-content\/uploads\/2016\/06\/IMG_2293.jpg"},"modified":"2023-04-03T09:19:22","modified_gmt":"2023-04-03T08:19:22","slug":"img_2293","status":"inherit","type":"attachment","link":"http:\/\/annerouch.fr\/index.php\/photos-macros-beaute-de-gaia-terre-mere\/expo-focale-microcosmique\/img_2293\/#main","title":{"rendered":"La porte de l&#8217;Eglise"},"author":1,"comment_status":"open","ping_status":"closed","template":"","meta":[],"description":{"rendered":""},"caption":{"rendered":"<p>Artiste peintre \u00e0 Lautrec, immortalis\u00e9 devant la porte de l&#8217;\u00e9glise, mise en lumi\u00e8re par la magie cr\u00e9ative<\/p>\n"},"alt_text":"","media_type":"image","mime_type":"image\/jpeg","media_details":{"width":667,"height":1000,"file":"2016\/06\/IMG_2293.jpg","sizes":{"thumbnail":{"file":"IMG_2293-150x150.jpg","width":150,"height":150,"mime_type":"image\/jpeg","source_url":"http:\/\/annerouch.fr\/wp-content\/uploads\/2016\/06\/IMG_2293-150x150.jpg"},"medium":{"file":"IMG_2293-200x300.jpg","width":200,"height":300,"mime_type":"image\/jpeg","source_url":"http:\/\/annerouch.fr\/wp-content\/uploads\/2016\/06\/IMG_2293-200x300.jpg"},"full":{"file":"IMG_2293.jpg","width":667,"height":1000,"mime_type":"image\/jpeg","source_url":"http:\/\/annerouch.fr\/wp-content\/uploads\/2016\/06\/IMG_2293.jpg"}},"image_meta":{"aperture":"5.6","credit":"","camera":"Canon EOS 550D","caption":"","created_timestamp":"1336834587","copyright":"","focal_length":"43","iso":"320","shutter_speed":"0.016666666666667","title":"","orientation":"1","keywords":[]}},"post":317,"source_url":"http:\/\/annerouch.fr\/wp-content\/uploads\/2016\/06\/IMG_2293.jpg","_links":{"self":[{"href":"http:\/\/annerouch.fr\/index.php\/wp-json\/wp\/v2\/media\/330"}],"collection":[{"href":"http:\/\/annerouch.fr\/index.php\/wp-json\/wp\/v2\/media"}],"about":[{"href":"http:\/\/annerouch.fr\/index.php\/wp-json\/wp\/v2\/types\/attachment"}],"author":[{"embeddable":true,"href":"http:\/\/annerouch.fr\/index.php\/wp-json\/wp\/v2\/users\/1"}],"replies":[{"embeddable":true,"href":"http:\/\/annerouch.fr\/index.php\/wp-json\/wp\/v2\/comments?post=330"}]}}

<p>Artiste peintre à Lautrec, immortalisé devant la porte de l&#8217;église, mise en lumière par la magie créative</p>
