{"id":327,"date":"2016-06-02T08:15:15","date_gmt":"2016-06-02T07:15:15","guid":{"rendered":"http:\/\/annerouch.fr\/wp-content\/uploads\/2016\/06\/IMG_0441.jpg"},"modified":"2023-04-03T09:18:05","modified_gmt":"2023-04-03T08:18:05","slug":"img_0441","status":"inherit","type":"attachment","link":"http:\/\/annerouch.fr\/index.php\/photos-macros-beaute-de-gaia-terre-mere\/expo-focale-microcosmique\/img_0441\/#main","title":{"rendered":"L&#8217;Arbre de la pr\u00e9sence, r\u00e9v\u00e9l\u00e9 par la lumi\u00e8re du soleil central divin"},"author":1,"comment_status":"open","ping_status":"closed","template":"","meta":[],"description":{"rendered":""},"caption":{"rendered":"<p>L&#8217;Arbre<\/p>\n"},"alt_text":"","media_type":"image","mime_type":"image\/jpeg","media_details":{"width":1000,"height":667,"file":"2016\/06\/IMG_0441.jpg","sizes":{"thumbnail":{"file":"IMG_0441-150x150.jpg","width":150,"height":150,"mime_type":"image\/jpeg","source_url":"http:\/\/annerouch.fr\/wp-content\/uploads\/2016\/06\/IMG_0441-150x150.jpg"},"medium":{"file":"IMG_0441-300x200.jpg","width":300,"height":200,"mime_type":"image\/jpeg","source_url":"http:\/\/annerouch.fr\/wp-content\/uploads\/2016\/06\/IMG_0441-300x200.jpg"},"medium_large":{"file":"IMG_0441-768x512.jpg","width":768,"height":512,"mime_type":"image\/jpeg","source_url":"http:\/\/annerouch.fr\/wp-content\/uploads\/2016\/06\/IMG_0441-768x512.jpg"},"full":{"file":"IMG_0441.jpg","width":1000,"height":667,"mime_type":"image\/jpeg","source_url":"http:\/\/annerouch.fr\/wp-content\/uploads\/2016\/06\/IMG_0441.jpg"}},"image_meta":{"aperture":"0","credit":"","camera":"","caption":"","created_timestamp":"0","copyright":"","focal_length":"0","iso":"0","shutter_speed":"0","title":"","orientation":"0","keywords":[]}},"post":317,"source_url":"http:\/\/annerouch.fr\/wp-content\/uploads\/2016\/06\/IMG_0441.jpg","_links":{"self":[{"href":"http:\/\/annerouch.fr\/index.php\/wp-json\/wp\/v2\/media\/327"}],"collection":[{"href":"http:\/\/annerouch.fr\/index.php\/wp-json\/wp\/v2\/media"}],"about":[{"href":"http:\/\/annerouch.fr\/index.php\/wp-json\/wp\/v2\/types\/attachment"}],"author":[{"embeddable":true,"href":"http:\/\/annerouch.fr\/index.php\/wp-json\/wp\/v2\/users\/1"}],"replies":[{"embeddable":true,"href":"http:\/\/annerouch.fr\/index.php\/wp-json\/wp\/v2\/comments?post=327"}]}}

L&#8217;Arbre de la présence, révélé par la lumière du soleil central divin
